CRAN Package Check Results for Package rNeighborQTL

Last updated on 2020-11-24 15:52:18 CET.

Flavor Version Tinstall Tcheck Ttotal Status Flags
r-devel-linux-x86_64-debian-clang 1.1.1 10.95 153.79 164.74 OK
r-devel-linux-x86_64-debian-gcc 1.1.1 7.72 118.94 126.66 OK
r-devel-linux-x86_64-fedora-clang 1.1.1 195.11 NOTE
r-devel-linux-x86_64-fedora-gcc 1.1.1 189.76 NOTE
r-devel-windows-ix86+x86_64 1.1.1 18.00 183.00 201.00 OK
r-patched-linux-x86_64 1.1.1 9.51 149.52 159.03 OK
r-patched-solaris-x86 1.1.1 361.20 NOTE
r-release-linux-x86_64 1.1.1 8.52 146.32 154.84 OK
r-release-macos-x86_64 1.1.1 NOTE
r-release-windows-ix86+x86_64 1.1.1 14.00 169.00 183.00 OK
r-oldrel-macos-x86_64 1.1.1 NOTE
r-oldrel-windows-ix86+x86_64 1.1.1 11.00 181.00 192.00 OK

Check Details

Version: 1.1.1
Check: dependencies in R code
Result: NOTE
    Namespace in Imports field not imported from: ‘qtl’
     All declared Imports should be used.
Flavors: r-devel-linux-x86_64-fedora-clang, r-devel-linux-x86_64-fedora-gcc, r-patched-solaris-x86, r-release-macos-x86_64, r-oldrel-macos-x86_64