CRAN Package Check Results for Package rMVP

Last updated on 2022-09-25 15:56:52 CEST.

Flavor Version Tinstall Tcheck Ttotal Status Flags
r-devel-linux-x86_64-debian-clang 1.0.6 132.19 77.20 209.39 OK
r-devel-linux-x86_64-debian-gcc 1.0.6 110.97 57.14 168.11 OK
r-devel-linux-x86_64-fedora-clang 1.0.6 278.97 NOTE
r-devel-linux-x86_64-fedora-gcc 1.0.6 272.70 NOTE
r-devel-windows-x86_64 1.0.6 123.00 127.00 250.00 OK
r-patched-linux-x86_64 1.0.6 108.25 72.94 181.19 OK
r-release-linux-x86_64 1.0.6 102.25 72.52 174.77 OK
r-release-macos-arm64 1.0.6 57.00 NOTE
r-release-macos-x86_64 1.0.6 82.00 NOTE
r-release-windows-x86_64 1.0.6 222.00 130.00 352.00 OK
r-oldrel-macos-arm64 1.0.6 78.00 NOTE
r-oldrel-macos-x86_64 1.0.6 122.00 NOTE
r-oldrel-windows-ix86+x86_64 1.0.6 285.00 138.00 423.00 OK

Check Details

Version: 1.0.6
Check: dependencies in R code
Result: NOTE
    Namespace in Imports field not imported from: ‘Rcpp’
     All declared Imports should be used.
Flavors: r-devel-linux-x86_64-fedora-clang, r-devel-linux-x86_64-fedora-gcc, r-release-macos-arm64, r-release-macos-x86_64, r-oldrel-macos-arm64, r-oldrel-macos-x86_64

Version: 1.0.6
Check: installed package size
Result: NOTE
     installed size is 20.3Mb
     sub-directories of 1Mb or more:
     libs 19.1Mb
Flavors: r-release-macos-arm64, r-release-macos-x86_64, r-oldrel-macos-arm64, r-oldrel-macos-x86_64