Last updated on 2022-06-26 03:50:11 CEST.
Flavor | Version | Tinstall | Tcheck | Ttotal | Status | Flags |
---|---|---|---|---|---|---|
r-devel-linux-x86_64-debian-clang | 0.1.5 | 33.86 | 320.79 | 354.65 | OK | |
r-devel-linux-x86_64-debian-gcc | 0.1.5 | 30.49 | 235.23 | 265.72 | OK | |
r-devel-linux-x86_64-fedora-clang | 0.1.5 | 415.00 | NOTE | |||
r-devel-linux-x86_64-fedora-gcc | 0.1.5 | 423.42 | NOTE | |||
r-devel-windows-x86_64 | 0.1.5 | 32.00 | 313.00 | 345.00 | OK | |
r-patched-linux-x86_64 | 0.1.5 | 36.87 | 304.85 | 341.72 | OK | |
r-release-linux-x86_64 | 0.1.5 | 35.50 | 309.27 | 344.77 | OK | |
r-release-macos-arm64 | 0.1.5 | 90.00 | NOTE | |||
r-release-macos-x86_64 | 0.1.5 | 128.00 | NOTE | |||
r-release-windows-x86_64 | 0.1.5 | 37.00 | 300.00 | 337.00 | OK | |
r-oldrel-macos-arm64 | 0.1.5 | 49.00 | NOTE | |||
r-oldrel-macos-x86_64 | 0.1.5 | 71.00 | NOTE | |||
r-oldrel-windows-ix86+x86_64 | 0.1.5 | 74.00 | 311.00 | 385.00 | OK |
Version: 0.1.5
Check: dependencies in R code
Result: NOTE
Namespace in Imports field not imported from: ‘rgeos’
All declared Imports should be used.
Flavors: r-devel-linux-x86_64-fedora-clang, r-devel-linux-x86_64-fedora-gcc, r-release-macos-arm64, r-release-macos-x86_64, r-oldrel-macos-arm64, r-oldrel-macos-x86_64