CRAN Package Check Results for Package rKIN

Last updated on 2020-11-24 15:52:18 CET.

Flavor Version Tinstall Tcheck Ttotal Status Flags
r-devel-linux-x86_64-debian-clang 0.1 8.65 67.62 76.27 NOTE
r-devel-linux-x86_64-debian-gcc 0.1 5.98 50.08 56.06 NOTE
r-devel-linux-x86_64-fedora-clang 0.1 91.63 OK
r-devel-linux-x86_64-fedora-gcc 0.1 84.02 OK
r-devel-windows-ix86+x86_64 0.1 21.00 132.00 153.00 NOTE
r-patched-linux-x86_64 0.1 6.04 62.40 68.44 NOTE
r-patched-solaris-x86 0.1 128.30 OK
r-release-linux-x86_64 0.1 7.38 63.68 71.06 NOTE
r-release-macos-x86_64 0.1 OK
r-release-windows-ix86+x86_64 0.1 17.00 93.00 110.00 NOTE
r-oldrel-macos-x86_64 0.1 OK
r-oldrel-windows-ix86+x86_64 0.1 13.00 115.00 128.00 OK

Check Details

Version: 0.1
Check: package vignettes
Result: NOTE
    Package vignette with placeholder title 'Vignette Title':
     'rKIN_Introduction.Rmd'
Flavors: r-devel-linux-x86_64-debian-clang, r-devel-linux-x86_64-debian-gcc, r-devel-windows-ix86+x86_64, r-patched-linux-x86_64, r-release-linux-x86_64, r-release-windows-ix86+x86_64