CRAN Package Check Results for Package rIP

Last updated on 2023-02-08 15:52:51 CET.

Flavor Version Tinstall Tcheck Ttotal Status Flags
r-devel-linux-x86_64-debian-clang 1.2.0 6.10 50.08 56.18 NOTE
r-devel-linux-x86_64-debian-gcc 1.2.0 4.63 37.60 42.23 NOTE
r-devel-linux-x86_64-fedora-clang 1.2.0 75.78 NOTE
r-devel-linux-x86_64-fedora-gcc 1.2.0 65.37 NOTE
r-devel-windows-x86_64 1.2.0 18.00 79.00 97.00 NOTE
r-patched-linux-x86_64 1.2.0 6.30 47.95 54.25 NOTE
r-release-linux-x86_64 1.2.0 5.37 48.07 53.44 NOTE
r-release-macos-arm64 1.2.0 21.00 NOTE
r-release-macos-x86_64 1.2.0 45.00 NOTE
r-release-windows-x86_64 1.2.0 16.00 86.00 102.00 NOTE
r-oldrel-macos-arm64 1.2.0 27.00 NOTE
r-oldrel-macos-x86_64 1.2.0 45.00 NOTE
r-oldrel-windows-ix86+x86_64 1.2.0 14.00 82.00 96.00 NOTE

Check Details

Version: 1.2.0
Check: LazyData
Result: NOTE
     'LazyData' is specified without a 'data' directory
Flavors: r-devel-linux-x86_64-debian-clang, r-devel-linux-x86_64-debian-gcc, r-devel-linux-x86_64-fedora-clang, r-devel-linux-x86_64-fedora-gcc, r-devel-windows-x86_64, r-patched-linux-x86_64, r-release-linux-x86_64, r-release-macos-arm64, r-release-macos-x86_64, r-release-windows-x86_64, r-oldrel-macos-arm64, r-oldrel-macos-x86_64, r-oldrel-windows-ix86+x86_64