CRAN Package Check Results for Package rCAT

Last updated on 2023-01-29 03:55:23 CET.

Flavor Version Tinstall Tcheck Ttotal Status Flags
r-devel-linux-x86_64-debian-clang 0.1.6 4.39 42.89 47.28 NOTE
r-devel-linux-x86_64-debian-gcc 0.1.6 3.42 32.89 36.31 NOTE
r-devel-linux-x86_64-fedora-clang 0.1.6 56.44 NOTE
r-devel-linux-x86_64-fedora-gcc 0.1.6 65.76 NOTE
r-patched-linux-x86_64 0.1.6 3.79 41.80 45.59 NOTE
r-release-linux-x86_64 0.1.6 3.56 42.44 46.00 NOTE
r-release-macos-arm64 0.1.6 23.00 NOTE
r-release-macos-x86_64 0.1.6 30.00 NOTE
r-release-windows-x86_64 0.1.6 13.00 78.00 91.00 NOTE
r-oldrel-macos-arm64 0.1.6 27.00 NOTE
r-oldrel-macos-x86_64 0.1.6 36.00 NOTE
r-oldrel-windows-ix86+x86_64 0.1.6 9.00 77.00 86.00 NOTE

Check Details

Version: 0.1.6
Check: LazyData
Result: NOTE
     'LazyData' is specified without a 'data' directory
Flavors: r-devel-linux-x86_64-debian-clang, r-devel-linux-x86_64-debian-gcc, r-devel-linux-x86_64-fedora-clang, r-devel-linux-x86_64-fedora-gcc, r-patched-linux-x86_64, r-release-linux-x86_64, r-release-macos-arm64, r-release-macos-x86_64, r-release-windows-x86_64, r-oldrel-macos-arm64, r-oldrel-macos-x86_64, r-oldrel-windows-ix86+x86_64