CRAN Package Check Results for Package rAmCharts

Last updated on 2022-10-06 03:58:38 CEST.

Flavor Version Tinstall Tcheck Ttotal Status Flags
r-devel-linux-x86_64-debian-clang 2.1.15 18.71 262.72 281.43 OK
r-devel-linux-x86_64-debian-gcc 2.1.15 15.72 138.94 154.66 OK
r-devel-linux-x86_64-fedora-clang 2.1.15 290.86 NOTE
r-devel-linux-x86_64-fedora-gcc 2.1.15 243.44 OK
r-devel-windows-x86_64 2.1.15 504.00 281.00 785.00 NOTE
r-patched-linux-x86_64 2.1.15 19.09 148.14 167.23 OK
r-release-linux-x86_64 2.1.15 17.43 148.95 166.38 OK
r-release-macos-arm64 2.1.15 56.00 NOTE
r-release-macos-x86_64 2.1.15 74.00 NOTE
r-release-windows-x86_64 2.1.15 478.00 222.00 700.00 NOTE
r-oldrel-macos-arm64 2.1.15 55.00 NOTE
r-oldrel-macos-x86_64 2.1.15 76.00 NOTE
r-oldrel-windows-ix86+x86_64 2.1.15 35.00 180.00 215.00 NOTE

Check Details

Version: 2.1.15
Check: installed package size
Result: NOTE
     installed size is 12.2Mb
     sub-directories of 1Mb or more:
     api 3.2Mb
     htmlwidgets 7.2Mb
Flavors: r-devel-linux-x86_64-fedora-clang, r-devel-windows-x86_64, r-release-macos-arm64, r-release-macos-x86_64, r-release-windows-x86_64, r-oldrel-macos-arm64, r-oldrel-macos-x86_64, r-oldrel-windows-ix86+x86_64