Last updated on 2023-01-29 03:55:23 CET.
Flavor | Version | Tinstall | Tcheck | Ttotal | Status | Flags |
---|---|---|---|---|---|---|
r-devel-linux-x86_64-debian-clang | 0.1.4 | 38.15 | 32.55 | 70.70 | NOTE | |
r-devel-linux-x86_64-debian-gcc | 0.1.4 | 33.76 | 25.22 | 58.98 | NOTE | |
r-devel-linux-x86_64-fedora-clang | 0.1.4 | 86.02 | NOTE | |||
r-devel-linux-x86_64-fedora-gcc | 0.1.4 | 104.42 | NOTE | |||
r-patched-linux-x86_64 | 0.1.4 | 34.84 | 30.28 | 65.12 | NOTE | |
r-release-linux-x86_64 | 0.1.4 | 33.87 | 30.85 | 64.72 | NOTE | |
r-release-macos-arm64 | 0.1.4 | 52.00 | OK | |||
r-release-macos-x86_64 | 0.1.4 | 43.00 | OK | |||
r-release-windows-x86_64 | 0.1.4 | 44.00 | 70.00 | 114.00 | OK | |
r-oldrel-macos-arm64 | 0.1.4 | 39.00 | OK | |||
r-oldrel-macos-x86_64 | 0.1.4 | 42.00 | OK | |||
r-oldrel-windows-ix86+x86_64 | 0.1.4 | 71.00 | 69.00 | 140.00 | OK |
Version: 0.1.4
Check: package dependencies
Result: NOTE
Package suggested but not available for checking: ‘BayesianTools’
Flavors: r-devel-linux-x86_64-debian-clang, r-devel-linux-x86_64-debian-gcc, r-devel-linux-x86_64-fedora-clang, r-devel-linux-x86_64-fedora-gcc, r-patched-linux-x86_64, r-release-linux-x86_64