CRAN Package Check Results for Package r2rtf

Last updated on 2020-09-22 03:49:36 CEST.

Flavor Version Tinstall Tcheck Ttotal Status Flags
r-devel-linux-x86_64-debian-clang 0.1.1 3.97 28.91 32.88 OK
r-devel-linux-x86_64-debian-gcc 0.1.1 0.32 1.94 2.26 ERROR
r-devel-linux-x86_64-fedora-clang 0.1.1 48.99 OK
r-devel-linux-x86_64-fedora-gcc 0.1.1 39.43 OK
r-devel-windows-ix86+x86_64 0.1.1 7.00 37.00 44.00 OK
r-patched-linux-x86_64 0.1.1 3.64 28.54 32.18 OK
r-patched-solaris-x86 0.1.1 56.70 OK
r-release-linux-x86_64 0.1.1 3.59 28.63 32.22 OK
r-release-macos-x86_64 0.1.1 OK
r-release-windows-ix86+x86_64 0.1.1 7.00 49.00 56.00 OK
r-oldrel-macos-x86_64 0.1.1 OK
r-oldrel-windows-ix86+x86_64 0.1.1 5.00 45.00 50.00 OK

Check Details

Version: 0.1.1
Check: whether package can be installed
Result: ERROR
    Installation failed.
Flavor: r-devel-linux-x86_64-debian-gcc