Last updated on 2025-01-25 03:50:04 CET.
Flavor | Version | Tinstall | Tcheck | Ttotal | Status | Flags |
---|---|---|---|---|---|---|
r-devel-linux-x86_64-debian-clang | 0.3.7 | 10.80 | 91.08 | 101.88 | OK | |
r-devel-linux-x86_64-debian-gcc | 0.3.7 | 7.78 | 64.62 | 72.40 | OK | |
r-devel-linux-x86_64-fedora-clang | 0.3.7 | 172.06 | OK | |||
r-devel-linux-x86_64-fedora-gcc | 0.3.7 | 155.96 | OK | |||
r-devel-windows-x86_64 | 0.3.7 | 12.00 | 99.00 | 111.00 | OK | |
r-patched-linux-x86_64 | 0.3.7 | 9.51 | 86.11 | 95.62 | NOTE | |
r-release-linux-x86_64 | 0.3.7 | 11.06 | 86.05 | 97.11 | NOTE | |
r-release-macos-arm64 | 0.3.7 | 47.00 | NOTE | |||
r-release-macos-x86_64 | 0.3.7 | 92.00 | NOTE | |||
r-release-windows-x86_64 | 0.3.7 | 12.00 | 96.00 | 108.00 | NOTE | |
r-oldrel-macos-arm64 | 0.3.7 | 51.00 | NOTE | |||
r-oldrel-macos-x86_64 | 0.3.7 | 108.00 | NOTE | |||
r-oldrel-windows-x86_64 | 0.3.7 | 15.00 | 118.00 | 133.00 | NOTE |
Version: 0.3.7
Check: package dependencies
Result: NOTE
Package suggested but not available for checking: ‘bootmlm’
Flavors: r-patched-linux-x86_64, r-release-linux-x86_64, r-release-macos-arm64, r-release-macos-x86_64, r-release-windows-x86_64, r-oldrel-macos-arm64, r-oldrel-macos-x86_64, r-oldrel-windows-x86_64