CRAN Package Check Results for Package r2glmm

Last updated on 2020-10-01 15:48:35 CEST.

Flavor Version Tinstall Tcheck Ttotal Status Flags
r-devel-linux-x86_64-debian-clang 0.1.2 3.77 43.87 47.64 OK
r-devel-linux-x86_64-debian-gcc 0.1.2 2.88 32.76 35.64 OK
r-devel-linux-x86_64-fedora-clang 0.1.2 65.13 NOTE
r-devel-linux-x86_64-fedora-gcc 0.1.2 54.82 NOTE
r-devel-windows-ix86+x86_64 0.1.2 7.00 47.00 54.00 OK
r-patched-linux-x86_64 0.1.2 2.49 41.86 44.35 OK
r-patched-solaris-x86 0.1.2 80.30 NOTE
r-release-linux-x86_64 0.1.2 2.66 41.69 44.35 OK
r-release-macos-x86_64 0.1.2 NOTE
r-release-windows-ix86+x86_64 0.1.2 8.00 74.00 82.00 OK
r-oldrel-macos-x86_64 0.1.2 NOTE
r-oldrel-windows-ix86+x86_64 0.1.2 6.00 60.00 66.00 OK

Check Details

Version: 0.1.2
Check: dependencies in R code
Result: NOTE
    Namespaces in Imports field not imported from:
     ‘data.table’ ‘dplyr’ ‘lmerTest’
     All declared Imports should be used.
Flavors: r-devel-linux-x86_64-fedora-clang, r-devel-linux-x86_64-fedora-gcc, r-patched-solaris-x86, r-release-macos-x86_64, r-oldrel-macos-x86_64