CRAN Package Check Results for Package qwraps2

Last updated on 2022-06-28 03:51:40 CEST.

Flavor Version Tinstall Tcheck Ttotal Status Flags
r-devel-linux-x86_64-debian-clang 0.5.2 34.95 119.20 154.15 NOTE
r-devel-linux-x86_64-debian-gcc 0.5.2 30.65 88.32 118.97 NOTE
r-devel-linux-x86_64-fedora-clang 0.5.2 209.56 NOTE
r-devel-linux-x86_64-fedora-gcc 0.5.2 198.25 NOTE
r-devel-windows-x86_64 0.5.2 57.00 196.00 253.00 NOTE
r-patched-linux-x86_64 0.5.2 32.91 110.69 143.60 OK
r-release-linux-x86_64 0.5.2 34.06 110.74 144.80 OK
r-release-macos-arm64 0.5.2 67.00 OK
r-release-macos-x86_64 0.5.2 113.00 OK
r-release-windows-x86_64 0.5.2 66.00 187.00 253.00 OK
r-oldrel-macos-arm64 0.5.2 89.00 OK
r-oldrel-macos-x86_64 0.5.2 92.00 OK
r-oldrel-windows-ix86+x86_64 0.5.2 98.00 185.00 283.00 OK

Check Details

Version: 0.5.2
Check: Rd files
Result: NOTE
    checkRd: (-1) qwraps2.Rd:73: Escaped LaTeX specials: \&
Flavors: r-devel-linux-x86_64-debian-clang, r-devel-linux-x86_64-debian-gcc, r-devel-linux-x86_64-fedora-clang, r-devel-linux-x86_64-fedora-gcc, r-devel-windows-x86_64