CRAN Package Check Results for Package qut

Last updated on 2021-09-20 03:49:10 CEST.

Flavor Version Tinstall Tcheck Ttotal Status Flags
r-devel-linux-x86_64-debian-clang 2.2 9.51 81.56 91.07 OK
r-devel-linux-x86_64-debian-gcc 2.2 7.56 62.32 69.88 OK
r-devel-linux-x86_64-fedora-clang 2.2 114.76 OK
r-devel-linux-x86_64-fedora-gcc 2.2 104.78 OK
r-devel-windows-x86_64 2.2 12.00 81.00 93.00 OK
r-devel-windows-x86_64-gcc10-UCRT 2.2 ERROR
r-patched-linux-x86_64 2.2 8.99 77.53 86.52 OK
r-patched-solaris-x86 2.2 167.70 OK
r-release-linux-x86_64 2.2 9.65 76.97 86.62 OK
r-release-macos-arm64 2.2 OK
r-release-macos-x86_64 2.2 OK
r-release-windows-ix86+x86_64 2.2 23.00 82.00 105.00 OK
r-oldrel-macos-x86_64 2.2 OK
r-oldrel-windows-ix86+x86_64 2.2 20.00 73.00 93.00 OK

Check Details

Version: 2.2
Check: whether package can be installed
Result: WARN
    Found the following significant warnings:
     WARNING: installation-time patches will not be applied, could not get the patches index
Flavor: r-devel-windows-x86_64-gcc10-UCRT

Version: 2.2
Check: PDF version of manual
Result: WARN
    LaTeX errors when creating PDF version.
    This typically indicates Rd problems.
Flavor: r-devel-windows-x86_64-gcc10-UCRT

Version: 2.2
Check: PDF version of manual without hyperrefs or index
Result: ERROR
    Re-running with no redirection of stdout/stderr.
Flavor: r-devel-windows-x86_64-gcc10-UCRT