Last updated on 2022-06-24 15:52:44 CEST.
Flavor | Version | Tinstall | Tcheck | Ttotal | Status | Flags |
---|---|---|---|---|---|---|
r-devel-linux-x86_64-debian-clang | 1.5.0 | 6.74 | 96.06 | 102.80 | OK | |
r-devel-linux-x86_64-debian-gcc | 1.5.0 | 5.67 | 70.55 | 76.22 | OK | |
r-devel-linux-x86_64-fedora-clang | 1.5.0 | 129.80 | NOTE | |||
r-devel-linux-x86_64-fedora-gcc | 1.5.0 | 127.36 | NOTE | |||
r-devel-windows-x86_64 | 1.5.0 | 15.00 | 119.00 | 134.00 | OK | |
r-patched-linux-x86_64 | 1.5.0 | 7.42 | 87.95 | 95.37 | OK | |
r-release-linux-x86_64 | 1.5.0 | 5.01 | 88.09 | 93.10 | OK | |
r-release-macos-arm64 | 1.5.0 | 37.00 | NOTE | |||
r-release-macos-x86_64 | 1.5.0 | 71.00 | NOTE | |||
r-release-windows-x86_64 | 1.5.0 | 23.00 | 116.00 | 139.00 | OK | |
r-oldrel-macos-arm64 | 1.5.0 | 51.00 | NOTE | |||
r-oldrel-macos-x86_64 | 1.5.0 | 60.00 | NOTE | |||
r-oldrel-windows-ix86+x86_64 | 1.5.0 | 17.00 | 117.00 | 134.00 | OK |
Version: 1.5.0
Check: dependencies in R code
Result: NOTE
Namespace in Imports field not imported from: ‘psych’
All declared Imports should be used.
Flavors: r-devel-linux-x86_64-fedora-clang, r-devel-linux-x86_64-fedora-gcc, r-release-macos-arm64, r-release-macos-x86_64, r-oldrel-macos-arm64, r-oldrel-macos-x86_64
Version: 1.5.0
Check: Rd cross-references
Result: NOTE
Undeclared package ‘PredictABEL’ in Rd xrefs
Flavor: r-devel-linux-x86_64-fedora-clang