CRAN Package Check Results for Package quickReg

Last updated on 2020-09-27 03:46:40 CEST.

Flavor Version Tinstall Tcheck Ttotal Status Flags
r-devel-linux-x86_64-debian-clang 1.5.0 5.48 74.26 79.74 OK
r-devel-linux-x86_64-debian-gcc 1.5.0 4.52 56.05 60.57 OK
r-devel-linux-x86_64-fedora-clang 1.5.0 105.05 NOTE
r-devel-linux-x86_64-fedora-gcc 1.5.0 94.50 NOTE
r-devel-windows-ix86+x86_64 1.5.0 13.00 96.00 109.00 OK
r-patched-linux-x86_64 1.5.0 5.53 70.09 75.62 OK
r-patched-solaris-x86 1.5.0 130.20 NOTE
r-release-linux-x86_64 1.5.0 4.51 70.32 74.83 OK
r-release-macos-x86_64 1.5.0 NOTE
r-release-windows-ix86+x86_64 1.5.0 29.00 97.00 126.00 OK
r-oldrel-macos-x86_64 1.5.0 NOTE
r-oldrel-windows-ix86+x86_64 1.5.0 10.00 91.00 101.00 OK

Check Details

Version: 1.5.0
Check: dependencies in R code
Result: NOTE
    Namespace in Imports field not imported from: ‘psych’
     All declared Imports should be used.
Flavors: r-devel-linux-x86_64-fedora-clang, r-devel-linux-x86_64-fedora-gcc, r-patched-solaris-x86, r-release-macos-x86_64, r-oldrel-macos-x86_64

Version: 1.5.0
Check: Rd cross-references
Result: NOTE
    Undeclared package ‘PredictABEL’ in Rd xrefs
Flavor: r-devel-linux-x86_64-fedora-clang