CRAN Package Check Results for Package quantilogram

Last updated on 2022-07-05 15:52:53 CEST.

Flavor Version Tinstall Tcheck Ttotal Status Flags
r-devel-linux-x86_64-debian-clang 2.2.1 9.87 88.37 98.24 OK
r-devel-linux-x86_64-debian-gcc 2.2.1 8.29 65.80 74.09 OK
r-devel-linux-x86_64-fedora-clang 2.2.1 125.61 NOTE
r-devel-linux-x86_64-fedora-gcc 2.2.1 126.71 NOTE
r-devel-windows-x86_64 2.2.1 33.00 112.00 145.00 OK
r-patched-linux-x86_64 2.2.1 9.88 84.66 94.54 OK
r-release-linux-x86_64 2.2.1 8.16 84.17 92.33 OK
r-release-macos-arm64 2.2.1 50.00 NOTE
r-release-macos-x86_64 2.2.1 52.00 NOTE
r-release-windows-x86_64 2.2.1 51.00 110.00 161.00 OK
r-oldrel-macos-arm64 2.2.1 30.00 NOTE
r-oldrel-macos-x86_64 2.2.1 47.00 NOTE
r-oldrel-windows-ix86+x86_64 2.2.1 21.00 105.00 126.00 OK

Check Details

Version: 2.2.1
Check: dependencies in R code
Result: NOTE
    Namespace in Imports field not imported from: ‘SparseM’
     All declared Imports should be used.
Flavors: r-devel-linux-x86_64-fedora-clang, r-devel-linux-x86_64-fedora-gcc, r-release-macos-arm64, r-release-macos-x86_64, r-oldrel-macos-arm64, r-oldrel-macos-x86_64