CRAN Package Check Results for Package quanteda.textstats

Last updated on 2022-06-26 03:50:09 CEST.

Flavor Version Tinstall Tcheck Ttotal Status Flags
r-devel-linux-x86_64-debian-clang 0.95 99.07 163.68 262.75 OK
r-devel-linux-x86_64-debian-gcc 0.95 82.17 123.20 205.37 OK
r-devel-linux-x86_64-fedora-clang 0.95 354.56 OK
r-devel-linux-x86_64-fedora-gcc 0.95 348.70 OK
r-devel-windows-x86_64 0.95 234.00 210.00 444.00 OK
r-patched-linux-x86_64 0.95 85.85 156.81 242.66 OK
r-release-linux-x86_64 0.95 87.44 157.05 244.49 OK
r-release-macos-arm64 0.95 90.00 OK
r-release-macos-x86_64 0.95 111.00 OK
r-release-windows-x86_64 0.95 264.00 209.00 473.00 OK
r-oldrel-macos-arm64 0.95 105.00 NOTE
r-oldrel-macos-x86_64 0.95 109.00 OK
r-oldrel-windows-ix86+x86_64 0.95 242.00 319.00 561.00 OK

Check Details

Version: 0.95
Check: installed package size
Result: NOTE
     installed size is 5.6Mb
     sub-directories of 1Mb or more:
     libs 5.1Mb
Flavor: r-oldrel-macos-arm64