CRAN Package Check Results for Package quanteda.textmodels

Last updated on 2022-07-02 15:52:27 CEST.

Flavor Version Tinstall Tcheck Ttotal Status Flags
r-devel-linux-x86_64-debian-clang 0.9.4 126.24 296.88 423.12 OK
r-devel-linux-x86_64-debian-gcc 0.9.4 114.93 223.99 338.92 OK
r-devel-linux-x86_64-fedora-clang 0.9.4 565.29 NOTE
r-devel-linux-x86_64-fedora-gcc 0.9.4 553.73 NOTE
r-devel-windows-x86_64 0.9.4 270.00 392.00 662.00 NOTE
r-patched-linux-x86_64 0.9.4 116.75 283.64 400.39 OK
r-release-linux-x86_64 0.9.4 121.09 286.80 407.89 OK
r-release-macos-arm64 0.9.4 165.00 NOTE
r-release-macos-x86_64 0.9.4 251.00 NOTE
r-release-windows-x86_64 0.9.4 495.00 373.00 868.00 NOTE
r-oldrel-macos-arm64 0.9.4 245.00 NOTE
r-oldrel-macos-x86_64 0.9.4 531.00 NOTE
r-oldrel-windows-ix86+x86_64 0.9.4 312.00 439.00 751.00 NOTE

Check Details

Version: 0.9.4
Check: installed package size
Result: NOTE
     installed size is 9.2Mb
     sub-directories of 1Mb or more:
     data 3.8Mb
     libs 5.0Mb
Flavors: r-devel-linux-x86_64-fedora-clang, r-devel-windows-x86_64, r-release-macos-arm64, r-release-macos-x86_64, r-release-windows-x86_64, r-oldrel-macos-arm64, r-oldrel-macos-x86_64, r-oldrel-windows-ix86+x86_64

Version: 0.9.4
Check: data for non-ASCII characters
Result: NOTE
     Note: found 35707 marked UTF-8 strings
Flavors: r-devel-linux-x86_64-fedora-clang, r-devel-linux-x86_64-fedora-gcc, r-release-macos-arm64, r-release-macos-x86_64, r-oldrel-macos-arm64, r-oldrel-macos-x86_64