CRAN Package Check Results for Package qualypsoss

Last updated on 2020-11-28 03:52:44 CET.

Flavor Version Tinstall Tcheck Ttotal Status Flags
r-devel-linux-x86_64-debian-clang 1.0.0 4.60 35.59 40.19 OK
r-devel-linux-x86_64-debian-gcc 1.0.0 2.96 29.24 32.20 OK
r-devel-linux-x86_64-fedora-clang 1.0.0 49.86 NOTE
r-devel-linux-x86_64-fedora-gcc 1.0.0 40.87 NOTE
r-devel-windows-ix86+x86_64 1.0.0 7.00 40.00 47.00 OK
r-patched-linux-x86_64 1.0.0 4.69 32.66 37.35 OK
r-patched-solaris-x86 1.0.0 60.00 NOTE
r-release-linux-x86_64 1.0.0 4.40 36.93 41.33 OK
r-release-macos-x86_64 1.0.0 NOTE
r-release-windows-ix86+x86_64 1.0.0 6.00 39.00 45.00 OK
r-oldrel-macos-x86_64 1.0.0 NOTE
r-oldrel-windows-ix86+x86_64 1.0.0 5.00 42.00 47.00 OK

Check Details

Version: 1.0.0
Check: dependencies in R code
Result: NOTE
    Namespace in Imports field not imported from: ‘methods’
     All declared Imports should be used.
Flavors: r-devel-linux-x86_64-fedora-clang, r-devel-linux-x86_64-fedora-gcc, r-patched-solaris-x86, r-release-macos-x86_64, r-oldrel-macos-x86_64