Last updated on 2023-02-06 03:54:41 CET.
Flavor | Version | Tinstall | Tcheck | Ttotal | Status | Flags |
---|---|---|---|---|---|---|
r-devel-linux-x86_64-debian-clang | 0.1.10 | 117.48 | 413.21 | 530.69 | NOTE | |
r-devel-linux-x86_64-debian-gcc | 0.1.10 | 97.58 | 303.63 | 401.21 | NOTE | |
r-devel-linux-x86_64-fedora-clang | 0.1.10 | 696.19 | NOTE | |||
r-devel-linux-x86_64-fedora-gcc | 0.1.10 | 679.19 | NOTE | |||
r-devel-windows-x86_64 | 0.1.10 | 136.00 | 476.00 | 612.00 | NOTE | |
r-patched-linux-x86_64 | 0.1.10 | 109.93 | 403.55 | 513.48 | OK | |
r-release-linux-x86_64 | 0.1.10 | 105.56 | 380.75 | 486.31 | OK | |
r-release-macos-arm64 | 0.1.10 | 171.00 | NOTE | |||
r-release-macos-x86_64 | 0.1.10 | 208.00 | NOTE | |||
r-release-windows-x86_64 | 0.1.10 | 169.00 | 461.00 | 630.00 | OK | |
r-oldrel-macos-arm64 | 0.1.10 | 180.00 | NOTE | |||
r-oldrel-macos-x86_64 | 0.1.10 | 211.00 | NOTE | |||
r-oldrel-windows-ix86+x86_64 | 0.1.10 | 279.00 | 617.00 | 896.00 | NOTE |
Version: 0.1.10
Check: C++ specification
Result: NOTE
Specified C++14: please update to current default of C++17
Flavors: r-devel-linux-x86_64-debian-clang, r-devel-linux-x86_64-debian-gcc, r-devel-linux-x86_64-fedora-clang, r-devel-linux-x86_64-fedora-gcc, r-devel-windows-x86_64
Version: 0.1.10
Check: installed package size
Result: NOTE
installed size is 11.0Mb
sub-directories of 1Mb or more:
doc 1.6Mb
libs 8.3Mb
Flavors: r-release-macos-arm64, r-release-macos-x86_64, r-oldrel-macos-arm64, r-oldrel-macos-x86_64, r-oldrel-windows-ix86+x86_64