CRAN Package Check Results for Package quadrupen

Last updated on 2020-11-24 15:52:16 CET.

Flavor Version Tinstall Tcheck Ttotal Status Flags
r-devel-linux-x86_64-debian-clang 0.2-8 158.88 166.74 325.62 OK
r-devel-linux-x86_64-debian-gcc 0.2-8 168.55 125.04 293.59 OK
r-devel-linux-x86_64-fedora-clang 0.2-8 387.22 NOTE
r-devel-linux-x86_64-fedora-gcc 0.2-8 361.00 OK
r-devel-windows-ix86+x86_64 0.2-8 275.00 364.00 639.00 OK
r-patched-linux-x86_64 0.2-8 199.37 152.86 352.23 OK
r-patched-solaris-x86 0.2-8 415.20 OK
r-release-linux-x86_64 0.2-8 194.59 160.91 355.50 OK
r-release-macos-x86_64 0.2-8 NOTE
r-release-windows-ix86+x86_64 0.2-8 274.00 291.00 565.00 OK
r-oldrel-macos-x86_64 0.2-8 NOTE
r-oldrel-windows-ix86+x86_64 0.2-8 217.00 287.00 504.00 OK

Check Details

Version: 0.2-8
Check: installed package size
Result: NOTE
     installed size is 9.6Mb
     sub-directories of 1Mb or more:
     libs 9.2Mb
Flavors: r-devel-linux-x86_64-fedora-clang, r-release-macos-x86_64, r-oldrel-macos-x86_64