CRAN Package Check Results for Package qtl2fst

Last updated on 2024-07-14 15:54:57 CEST.

Flavor Version Tinstall Tcheck Ttotal Status Flags
r-devel-linux-x86_64-debian-clang 0.26 6.87 94.61 101.48 OK
r-devel-linux-x86_64-debian-gcc 0.26 5.13 71.08 76.21 OK
r-devel-linux-x86_64-fedora-clang 0.26 133.31 OK
r-devel-linux-x86_64-fedora-gcc 0.26 139.64 OK
r-devel-windows-x86_64 0.26 7.00 92.00 99.00 NOTE
r-patched-linux-x86_64 0.26 9.46 91.20 100.66 OK
r-release-linux-x86_64 0.26 5.80 91.45 97.25 OK
r-release-macos-arm64 0.26 44.00 OK
r-release-macos-x86_64 0.26 71.00 OK
r-release-windows-x86_64 0.26 7.00 94.00 101.00 OK
r-oldrel-macos-arm64 0.26 48.00 OK
r-oldrel-macos-x86_64 0.26 72.00 OK
r-oldrel-windows-x86_64 0.26 9.00 107.00 116.00 OK

Check Details

Version: 0.26
Check: Rd cross-references
Result: NOTE Found the following Rd file(s) with Rd \link{} targets missing package anchors: genoprob_to_alleleprob_fst.Rd: calc_genoprob Please provide package anchors for all Rd \link{} targets not in the package itself and the base packages. Flavor: r-devel-windows-x86_64