CRAN Package Check Results for Package qtl2

Last updated on 2020-09-29 03:48:30 CEST.

Flavor Version Tinstall Tcheck Ttotal Status Flags
r-devel-linux-x86_64-debian-clang 0.22-11 812.97 209.64 1022.61 OK
r-devel-linux-x86_64-debian-gcc 0.22-11 590.56 157.65 748.21 OK
r-devel-linux-x86_64-fedora-clang 0.22-11 1456.97 NOTE
r-devel-linux-x86_64-fedora-gcc 0.22-11 1313.50 OK
r-devel-windows-ix86+x86_64 0.22-11 1861.00 304.00 2165.00 NOTE
r-patched-linux-x86_64 0.22-11 732.45 199.55 932.00 OK
r-patched-solaris-x86 0.22-11 1057.40 NOTE
r-release-linux-x86_64 0.22-11 616.13 201.96 818.09 OK
r-release-macos-x86_64 0.22-11 NOTE
r-release-windows-ix86+x86_64 0.22-11 1853.00 408.00 2261.00 NOTE
r-oldrel-macos-x86_64 0.22-11 WARN
r-oldrel-windows-ix86+x86_64 0.22-11 1724.00 388.00 2112.00 WARN

Additional issues

clang-UBSAN

Check Details

Version: 0.22-11
Check: installed package size
Result: NOTE
     installed size is 51.5Mb
     sub-directories of 1Mb or more:
     extdata 3.3Mb
     libs 46.9Mb
Flavors: r-devel-linux-x86_64-fedora-clang, r-devel-windows-ix86+x86_64, r-patched-solaris-x86, r-release-macos-x86_64, r-release-windows-ix86+x86_64, r-oldrel-macos-x86_64, r-oldrel-windows-ix86+x86_64

Version: 0.22-11
Check: R code for possible problems
Result: NOTE
    plot_genes : plot_genes_internal: no visible global function definition
     for ‘plot’
    plot_onegeno : plot_onegeno_internal: no visible global function
     definition for ‘plot’
    plot_peaks : plot_peaks_internal: no visible global function definition
     for ‘plot’
    plot_pxg : plot_pxg_internal: no visible global function definition for
     ‘plot’
    plot_scan1 : plot_scan1_internal: no visible global function definition
     for ‘plot’
    Undefined global functions or variables:
     plot
    Consider adding
     importFrom("graphics", "plot")
    to your NAMESPACE file.
Flavors: r-oldrel-macos-x86_64, r-oldrel-windows-ix86+x86_64

Version: 0.22-11
Check: Rd cross-references
Result: WARN
    Missing link or links in documentation object 'plot_genes.Rd':
     ‘[base:plot]{base::plot()}’
    
    Missing link or links in documentation object 'plot_pxg.Rd':
     ‘[base:plot]{base::plot()}’
    
    See section 'Cross-references' in the 'Writing R Extensions' manual.
Flavors: r-oldrel-macos-x86_64, r-oldrel-windows-ix86+x86_64