Last updated on 2023-01-29 16:55:06 CET.
Flavor | Version | Tinstall | Tcheck | Ttotal | Status | Flags |
---|---|---|---|---|---|---|
r-devel-linux-x86_64-debian-clang | 1.58 | 93.83 | 411.61 | 505.44 | OK | |
r-devel-linux-x86_64-debian-gcc | 1.58 | 78.67 | 297.05 | 375.72 | OK | |
r-devel-linux-x86_64-fedora-clang | 1.58 | 611.88 | NOTE | |||
r-devel-linux-x86_64-fedora-gcc | 1.58 | 612.69 | OK | |||
r-devel-windows-x86_64 | 1.58 | 297.00 | 512.00 | 809.00 | NOTE | |
r-patched-linux-x86_64 | 1.58 | 99.72 | 380.97 | 480.69 | OK | |
r-release-linux-x86_64 | 1.58 | 89.69 | 386.08 | 475.77 | OK | |
r-release-macos-arm64 | 1.58 | 132.00 | NOTE | |||
r-release-macos-x86_64 | 1.58 | 191.00 | NOTE | |||
r-release-windows-x86_64 | 1.58 | 208.00 | 500.00 | 708.00 | NOTE | |
r-oldrel-macos-arm64 | 1.58 | 127.00 | NOTE | |||
r-oldrel-macos-x86_64 | 1.58 | 193.00 | NOTE | |||
r-oldrel-windows-ix86+x86_64 | 1.58 | 186.00 | 609.00 | 795.00 | NOTE |
Version: 1.58
Check: installed package size
Result: NOTE
installed size is 10.6Mb
sub-directories of 1Mb or more:
R 1.7Mb
contrib 3.8Mb
doc 3.0Mb
Flavors: r-devel-linux-x86_64-fedora-clang, r-devel-windows-x86_64, r-release-macos-arm64, r-release-macos-x86_64, r-release-windows-x86_64, r-oldrel-macos-arm64, r-oldrel-macos-x86_64, r-oldrel-windows-ix86+x86_64