CRAN Package Check Results for Package qsplines

Last updated on 2023-02-01 03:54:24 CET.

Flavor Version Tinstall Tcheck Ttotal Status Flags
r-devel-linux-x86_64-debian-clang 1.0.0 51.53 52.00 103.53 NOTE
r-devel-linux-x86_64-debian-gcc 1.0.0 38.12 41.00 79.12 NOTE
r-devel-linux-x86_64-fedora-clang 1.0.0 145.18 NOTE
r-devel-linux-x86_64-fedora-gcc 1.0.0 139.83 NOTE
r-devel-windows-x86_64 1.0.0 53.00 100.00 153.00 NOTE
r-patched-linux-x86_64 1.0.0 39.61 53.37 92.98 OK
r-release-linux-x86_64 1.0.0 41.64 51.76 93.40 OK
r-release-macos-arm64 1.0.0 35.00 OK
r-release-macos-x86_64 1.0.0 51.00 OK
r-release-windows-x86_64 1.0.0 51.00 107.00 158.00 OK
r-oldrel-macos-arm64 1.0.0 34.00 OK
r-oldrel-macos-x86_64 1.0.0 49.00 OK
r-oldrel-windows-ix86+x86_64 1.0.0 120.00 121.00 241.00 OK

Check Details

Version: 1.0.0
Check: C++ specification
Result: NOTE
     Specified C++14: please update to current default of C++17
Flavors: r-devel-linux-x86_64-debian-clang, r-devel-linux-x86_64-debian-gcc, r-devel-linux-x86_64-fedora-clang, r-devel-linux-x86_64-fedora-gcc, r-devel-windows-x86_64