CRAN Package Check Results for Package qsort

Last updated on 2024-07-15 03:49:36 CEST.

Flavor Version Tinstall Tcheck Ttotal Status Flags
r-devel-linux-x86_64-debian-clang 0.2.3 6.07 55.77 61.84 OK
r-devel-linux-x86_64-debian-gcc 0.2.3 4.52 41.80 46.32 OK
r-devel-linux-x86_64-fedora-clang 0.2.3 79.79 NOTE
r-devel-linux-x86_64-fedora-gcc 0.2.3 88.09 NOTE
r-devel-windows-x86_64 0.2.3 6.00 62.00 68.00 OK
r-patched-linux-x86_64 0.2.3 4.65 51.56 56.21 OK
r-release-linux-x86_64 0.2.3 3.23 52.43 55.66 OK
r-release-macos-arm64 0.2.3 33.00 OK
r-release-macos-x86_64 0.2.3 47.00 OK
r-release-windows-x86_64 0.2.3 6.00 62.00 68.00 OK
r-oldrel-macos-arm64 0.2.3 33.00 OK
r-oldrel-macos-x86_64 0.2.3 47.00 OK
r-oldrel-windows-x86_64 0.2.3 7.00 68.00 75.00 OK

Check Details

Version: 0.2.3
Check: data for non-ASCII characters
Result: NOTE Note: found 6 marked UTF-8 strings Flavors: r-devel-linux-x86_64-fedora-clang, r-devel-linux-x86_64-fedora-gcc