CRAN Package Check Results for Package qs

Last updated on 2020-10-31 03:52:50 CET.

Flavor Version Tinstall Tcheck Ttotal Status Flags
r-devel-linux-x86_64-debian-clang 0.23.3 59.45 35.96 95.41 OK
r-devel-linux-x86_64-debian-gcc 0.23.3 50.92 28.83 79.75 OK
r-devel-linux-x86_64-fedora-clang 0.23.3 148.93 NOTE
r-devel-linux-x86_64-fedora-gcc 0.23.3 144.02 OK
r-devel-windows-ix86+x86_64 0.23.3 230.00 74.00 304.00 NOTE
r-patched-linux-x86_64 0.23.3 62.80 35.17 97.97 OK
r-patched-solaris-x86 0.23.3 154.80 OK
r-release-linux-x86_64 0.23.3 59.94 35.29 95.23 OK
r-release-macos-x86_64 0.23.3 NOTE
r-release-windows-ix86+x86_64 0.23.3 178.00 100.00 278.00 NOTE
r-oldrel-macos-x86_64 0.23.3 WARN
r-oldrel-windows-ix86+x86_64 0.23.3 235.00 63.00 298.00 NOTE

Check Details

Version: 0.23.3
Check: installed package size
Result: NOTE
     installed size is 8.2Mb
     sub-directories of 1Mb or more:
     doc 1.1Mb
     libs 6.9Mb
Flavors: r-devel-linux-x86_64-fedora-clang, r-devel-windows-ix86+x86_64, r-release-macos-x86_64, r-release-windows-ix86+x86_64, r-oldrel-macos-x86_64, r-oldrel-windows-ix86+x86_64

Version: 0.23.3
Check: for executable files
Result: WARN
    Found the following executable file:
     src/LICENSES/LZ4_LICENSE.txt
    Source packages should not contain undeclared executable files.
    See section ‘Package structure’ in the ‘Writing R Extensions’ manual.
Flavor: r-oldrel-macos-x86_64