Last updated on 2022-08-13 04:57:56 CEST.
Flavor | Version | Tinstall | Tcheck | Ttotal | Status | Flags |
---|---|---|---|---|---|---|
r-devel-linux-x86_64-debian-clang | 1.1.0-0 | 34.21 | 29.80 | 64.01 | OK | |
r-devel-linux-x86_64-debian-gcc | 1.1.0-0 | 31.25 | 24.51 | 55.76 | OK | |
r-devel-linux-x86_64-fedora-clang | 1.1.0-0 | 105.28 | NOTE | |||
r-devel-linux-x86_64-fedora-gcc | 1.1.0-0 | 98.02 | OK | |||
r-devel-windows-x86_64 | 1.1.0-0 | 36.00 | 72.00 | 108.00 | OK | |
r-patched-linux-x86_64 | 1.1.0-0 | 33.60 | 30.05 | 63.65 | OK | |
r-release-linux-x86_64 | 1.1.0-0 | 31.32 | 30.02 | 61.34 | OK | |
r-release-macos-arm64 | 1.1.0-0 | 30.00 | NOTE | |||
r-release-macos-x86_64 | 1.1.0-0 | 37.00 | NOTE | |||
r-release-windows-x86_64 | 1.1.0-0 | 40.00 | 78.00 | 118.00 | OK | |
r-oldrel-macos-arm64 | 1.1.0-0 | 39.00 | NOTE | |||
r-oldrel-macos-x86_64 | 1.1.0-0 | 36.00 | NOTE | |||
r-oldrel-windows-ix86+x86_64 | 1.1.0-0 | 87.00 | 81.00 | 168.00 | OK |
Version: 1.1.0-0
Check: installed package size
Result: NOTE
installed size is 7.3Mb
sub-directories of 1Mb or more:
libs 7.1Mb
Flavors: r-devel-linux-x86_64-fedora-clang, r-release-macos-arm64, r-release-macos-x86_64, r-oldrel-macos-arm64, r-oldrel-macos-x86_64