Last updated on 2023-10-01 05:05:50 CEST.
Flavor | Version | Tinstall | Tcheck | Ttotal | Status | Flags |
---|---|---|---|---|---|---|
r-devel-linux-x86_64-debian-clang | 0.0.7 | 169.90 | 29.86 | 199.76 | NOTE | |
r-devel-linux-x86_64-debian-gcc | 0.0.7 | 113.96 | 23.51 | 137.47 | NOTE | |
r-devel-linux-x86_64-fedora-clang | 0.0.7 | 355.88 | NOTE | |||
r-devel-linux-x86_64-fedora-gcc | 0.0.7 | 286.26 | NOTE | |||
r-devel-windows-x86_64 | 0.0.7 | 123.00 | 72.00 | 195.00 | NOTE | |
r-patched-linux-x86_64 | 0.0.7 | 164.82 | 29.72 | 194.54 | NOTE | |
r-release-linux-x86_64 | 0.0.7 | 168.17 | 29.32 | 197.49 | NOTE | |
r-release-macos-arm64 | 0.0.7 | 63.00 | NOTE | |||
r-release-macos-x86_64 | 0.0.7 | 69.00 | NOTE | |||
r-release-windows-x86_64 | 0.0.7 | 137.00 | 82.00 | 219.00 | NOTE | |
r-oldrel-macos-arm64 | 0.0.7 | 65.00 | NOTE | |||
r-oldrel-macos-x86_64 | 0.0.7 | 94.00 | NOTE | |||
r-oldrel-windows-x86_64 | 0.0.7 | 169.00 | 76.00 | 245.00 | OK |
Version: 0.0.7
Check: C++ specification
Result: NOTE
Specified C++14: please drop specification unless essential
Flavors: r-devel-linux-x86_64-debian-clang, r-devel-linux-x86_64-debian-gcc, r-devel-linux-x86_64-fedora-clang, r-devel-linux-x86_64-fedora-gcc, r-devel-windows-x86_64, r-patched-linux-x86_64, r-release-linux-x86_64, r-release-macos-arm64, r-release-macos-x86_64, r-release-windows-x86_64
Version: 0.0.7
Check: installed package size
Result: NOTE
installed size is 7.6Mb
sub-directories of 1Mb or more:
libs 7.4Mb
Flavors: r-release-macos-arm64, r-release-macos-x86_64, r-oldrel-macos-arm64, r-oldrel-macos-x86_64