CRAN Package Check Results for Package qlcal

Last updated on 2022-09-24 15:55:28 CEST.

Flavor Version Tinstall Tcheck Ttotal Status Flags
r-devel-linux-x86_64-debian-clang 0.0.2 165.00 30.96 195.96 OK
r-devel-linux-x86_64-debian-gcc 0.0.2 120.79 23.71 144.50 OK
r-devel-linux-x86_64-fedora-clang 0.0.2 375.42 WARN
r-devel-linux-x86_64-fedora-gcc 0.0.2 254.18 OK
r-devel-windows-x86_64 0.0.2 166.00 85.00 251.00 OK
r-patched-linux-x86_64 0.0.2 125.72 29.26 154.98 OK
r-release-linux-x86_64 0.0.2 137.11 29.41 166.52 OK
r-release-macos-arm64 0.0.2 67.00 NOTE
r-release-macos-x86_64 0.0.2 92.00 NOTE
r-release-windows-x86_64 0.0.2 167.00 88.00 255.00 OK
r-oldrel-macos-arm64 0.0.2 61.00 NOTE
r-oldrel-macos-x86_64 0.0.2 94.00 NOTE
r-oldrel-windows-ix86+x86_64 0.0.2 410.00 87.00 497.00 OK

Additional issues

clang15

Check Details

Version: 0.0.2
Check: whether package can be installed
Result: WARN
    Found the following significant warnings:
     ql/time/calendars/argentina.cpp:52:36: warning: invalid UTF-8 in comment [-Winvalid-utf8]
     ql/time/calendars/argentina.cpp:52:49: warning: invalid UTF-8 in comment [-Winvalid-utf8]
     : warning: 'unary_function<short, unsigned long>' is deprecated [-Wdeprecated-declarations]
Flavor: r-devel-linux-x86_64-fedora-clang

Version: 0.0.2
Check: installed package size
Result: NOTE
     installed size is 8.2Mb
     sub-directories of 1Mb or more:
     libs 8.1Mb
Flavors: r-release-macos-arm64, r-release-macos-x86_64, r-oldrel-macos-arm64, r-oldrel-macos-x86_64