CRAN Package Check Results for Package qeML

Last updated on 2024-07-25 04:50:01 CEST.

Flavor Version Tinstall Tcheck Ttotal Status Flags
r-devel-linux-x86_64-debian-clang 1.1 17.48 175.22 192.70 OK
r-devel-linux-x86_64-debian-gcc 1.1 14.37 129.68 144.05 OK
r-devel-linux-x86_64-fedora-clang 1.1 249.27 NOTE
r-devel-linux-x86_64-fedora-gcc 1.1 244.82 OK
r-devel-windows-x86_64 1.1 15.00 152.00 167.00 OK
r-patched-linux-x86_64 1.1 16.62 166.55 183.17 OK
r-release-linux-x86_64 1.1 11.60 164.94 176.54 OK
r-release-macos-arm64 1.1 80.00 OK
r-release-macos-x86_64 1.1 114.00 OK
r-release-windows-x86_64 1.1 16.00 151.00 167.00 OK
r-oldrel-macos-arm64 1.1 83.00 OK
r-oldrel-macos-x86_64 1.1 148.00 OK
r-oldrel-windows-x86_64 1.1 21.00 181.00 202.00 OK

Check Details

Version: 1.1
Check: whether startup messages can be suppressed
Result: NOTE OMP: Warning #96: Cannot form a team with 24 threads, using 2 instead. OMP: Hint Consider unsetting KMP_DEVICE_THREAD_LIMIT (KMP_ALL_THREADS), KMP_TEAMS_THREAD_LIMIT, and OMP_THREAD_LIMIT (if any are set). It looks like this package (or a package it requires) has a startup message which cannot be suppressed: see ?packageStartupMessage. Flavor: r-devel-linux-x86_64-fedora-clang