Last updated on 2022-08-14 03:51:10 CEST.
Flavor | Version | Tinstall | Tcheck | Ttotal | Status | Flags |
---|---|---|---|---|---|---|
r-devel-linux-x86_64-debian-clang | 2.4.3 | 44.88 | 294.80 | 339.68 | OK | |
r-devel-linux-x86_64-debian-gcc | 2.4.3 | 34.44 | 214.91 | 249.35 | OK | |
r-devel-linux-x86_64-fedora-clang | 2.4.3 | 413.61 | NOTE | |||
r-devel-linux-x86_64-fedora-gcc | 2.4.3 | 386.93 | OK | |||
r-devel-windows-x86_64 | 2.4.3 | 179.00 | 314.00 | 493.00 | OK | |
r-patched-linux-x86_64 | 2.4.3 | 36.51 | 266.69 | 303.20 | OK | |
r-release-linux-x86_64 | 2.4.3 | 39.93 | 269.19 | 309.12 | OK | |
r-release-macos-arm64 | 2.4.3 | 98.00 | OK | |||
r-release-macos-x86_64 | 2.4.3 | 164.00 | OK | |||
r-release-windows-x86_64 | 2.4.3 | 211.00 | 314.00 | 525.00 | OK | |
r-oldrel-macos-arm64 | 2.4.3 | 148.00 | OK | |||
r-oldrel-macos-x86_64 | 2.4.3 | 202.00 | OK | |||
r-oldrel-windows-ix86+x86_64 | 2.4.3 | 74.00 | 304.00 | 378.00 | OK |
Version: 2.4.3
Check: Rd cross-references
Result: NOTE
Undeclared package ‘gplots’ in Rd xrefs
Flavor: r-devel-linux-x86_64-fedora-clang