Last updated on 2023-02-01 15:51:34 CET.
Flavor | Version | Tinstall | Tcheck | Ttotal | Status | Flags |
---|---|---|---|---|---|---|
r-devel-linux-x86_64-debian-clang | 0.2.1 | 15.50 | 140.38 | 155.88 | OK | |
r-devel-linux-x86_64-debian-gcc | 0.2.1 | 12.57 | 103.97 | 116.54 | OK | |
r-devel-linux-x86_64-fedora-clang | 0.2.1 | 191.42 | NOTE | |||
r-devel-linux-x86_64-fedora-gcc | 0.2.1 | 195.41 | NOTE | |||
r-devel-windows-x86_64 | 0.2.1 | 22.00 | 169.00 | 191.00 | OK | |
r-patched-linux-x86_64 | 0.2.1 | 14.62 | 136.85 | 151.47 | OK | |
r-release-linux-x86_64 | 0.2.1 | 11.27 | 141.40 | 152.67 | OK | |
r-release-macos-arm64 | 0.2.1 | 49.00 | NOTE | |||
r-release-macos-x86_64 | 0.2.1 | 76.00 | NOTE | |||
r-release-windows-x86_64 | 0.2.1 | 35.00 | 179.00 | 214.00 | OK | |
r-oldrel-macos-arm64 | 0.2.1 | 40.00 | NOTE | |||
r-oldrel-macos-x86_64 | 0.2.1 | 75.00 | NOTE | |||
r-oldrel-windows-ix86+x86_64 | 0.2.1 | 34.00 | 161.00 | 195.00 | OK |
Version: 0.2.1
Check: dependencies in R code
Result: NOTE
Namespaces in Imports field not imported from:
‘data.table’ ‘readxl’ ‘reshape2’ ‘sjmisc’ ‘stringr’ ‘xlsx’
All declared Imports should be used.
Flavors: r-devel-linux-x86_64-fedora-clang, r-devel-linux-x86_64-fedora-gcc, r-release-macos-arm64, r-release-macos-x86_64, r-oldrel-macos-arm64, r-oldrel-macos-x86_64