CRAN Package Check Results for Package pysd2r

Last updated on 2024-03-02 04:08:14 CET.

Flavor Version Tinstall Tcheck Ttotal Status Flags
r-devel-linux-x86_64-debian-clang 0.1.0 3.43 28.95 32.38 NOTE
r-devel-linux-x86_64-debian-gcc 0.1.0 3.85 22.31 26.16 NOTE
r-devel-linux-x86_64-fedora-clang 0.1.0 42.24 NOTE
r-devel-linux-x86_64-fedora-gcc 0.1.0 54.43 NOTE
r-devel-windows-x86_64 0.1.0 6.00 45.00 51.00 NOTE
r-patched-linux-x86_64 0.1.0 4.77 27.91 32.68 NOTE
r-release-linux-x86_64 0.1.0 3.49 28.18 31.67 NOTE
r-release-macos-arm64 0.1.0 24.00 NOTE
r-release-macos-x86_64 0.1.0 36.00 NOTE
r-release-windows-x86_64 0.1.0 6.00 47.00 53.00 NOTE
r-oldrel-macos-arm64 0.1.0 17.00 NOTE
r-oldrel-windows-x86_64 0.1.0 6.00 50.00 56.00 NOTE

Check Details

Version: 0.1.0
Check: LazyData
Result: NOTE 'LazyData' is specified without a 'data' directory Flavors: r-devel-linux-x86_64-debian-clang, r-devel-linux-x86_64-debian-gcc, r-devel-linux-x86_64-fedora-clang, r-devel-linux-x86_64-fedora-gcc, r-devel-windows-x86_64, r-patched-linux-x86_64, r-release-linux-x86_64, r-release-macos-arm64, r-release-macos-x86_64, r-release-windows-x86_64, r-oldrel-macos-arm64, r-oldrel-windows-x86_64

Version: 0.1.0
Check: dependencies in R code
Result: NOTE Namespace in Imports field not imported from: ‘knitr’ All declared Imports should be used. Flavors: r-devel-linux-x86_64-fedora-clang, r-devel-linux-x86_64-fedora-gcc, r-oldrel-macos-arm64