CRAN Package Check Results for Package pwt

Last updated on 2021-09-19 03:51:23 CEST.

Flavor Version Tinstall Tcheck Ttotal Status Flags
r-devel-linux-x86_64-debian-clang 7.1-1 9.37 27.29 36.66 OK
r-devel-linux-x86_64-debian-gcc 7.1-1 7.95 21.37 29.32 OK
r-devel-linux-x86_64-fedora-clang 7.1-1 52.67 NOTE
r-devel-linux-x86_64-fedora-gcc 7.1-1 42.38 OK
r-devel-windows-x86_64 7.1-1 10.00 40.00 50.00 NOTE
r-devel-windows-x86_64-gcc10-UCRT 7.1-1 ERROR
r-patched-linux-x86_64 7.1-1 8.26 25.76 34.02 OK
r-patched-solaris-x86 7.1-1 70.30 NOTE
r-release-linux-x86_64 7.1-1 8.12 25.70 33.82 OK
r-release-macos-arm64 7.1-1 NOTE
r-release-macos-x86_64 7.1-1 NOTE
r-release-windows-ix86+x86_64 7.1-1 14.00 32.00 46.00 NOTE
r-oldrel-macos-x86_64 7.1-1 NOTE
r-oldrel-windows-ix86+x86_64 7.1-1 11.00 29.00 40.00 NOTE

Check Details

Version: 7.1-1
Check: installed package size
Result: NOTE
     installed size is 7.3Mb
     sub-directories of 1Mb or more:
     data 7.2Mb
Flavors: r-devel-linux-x86_64-fedora-clang, r-devel-windows-x86_64, r-patched-solaris-x86, r-release-macos-arm64, r-release-macos-x86_64, r-release-windows-ix86+x86_64, r-oldrel-macos-x86_64, r-oldrel-windows-ix86+x86_64

Version: 7.1-1
Check: whether package can be installed
Result: WARN
    Found the following significant warnings:
     WARNING: installation-time patches will not be applied, could not get the patches index
Flavor: r-devel-windows-x86_64-gcc10-UCRT

Version: 7.1-1
Check: PDF version of manual
Result: WARN
    LaTeX errors when creating PDF version.
    This typically indicates Rd problems.
Flavor: r-devel-windows-x86_64-gcc10-UCRT

Version: 7.1-1
Check: PDF version of manual without hyperrefs or index
Result: ERROR
    Re-running with no redirection of stdout/stderr.
Flavor: r-devel-windows-x86_64-gcc10-UCRT