Last updated on 2022-06-30 03:53:31 CEST.
Flavor | Version | Tinstall | Tcheck | Ttotal | Status | Flags |
---|---|---|---|---|---|---|
r-devel-linux-x86_64-debian-clang | 0.0.1 | 4.29 | 30.93 | 35.22 | OK | |
r-devel-linux-x86_64-debian-gcc | 0.0.1 | 3.15 | 24.00 | 27.15 | OK | |
r-devel-linux-x86_64-fedora-clang | 0.0.1 | 54.41 | NOTE | |||
r-devel-linux-x86_64-fedora-gcc | 0.0.1 | 53.10 | NOTE | |||
r-devel-windows-x86_64 | 0.0.1 | 20.00 | 59.00 | 79.00 | OK | |
r-patched-linux-x86_64 | 0.0.1 | 3.38 | 29.55 | 32.93 | OK | |
r-release-linux-x86_64 | 0.0.1 | 2.57 | 30.03 | 32.60 | OK | |
r-release-macos-arm64 | 0.0.1 | 17.00 | NOTE | |||
r-release-macos-x86_64 | 0.0.1 | 31.00 | NOTE | |||
r-release-windows-x86_64 | 0.0.1 | 28.00 | 56.00 | 84.00 | OK | |
r-oldrel-macos-arm64 | 0.0.1 | 22.00 | NOTE | |||
r-oldrel-macos-x86_64 | 0.0.1 | 28.00 | NOTE | |||
r-oldrel-windows-ix86+x86_64 | 0.0.1 | 11.00 | 52.00 | 63.00 | OK |
Version: 0.0.1
Check: dependencies in R code
Result: NOTE
Namespaces in Imports field not imported from:
‘kableExtra’ ‘readr’ ‘tidyverse’
All declared Imports should be used.
Flavors: r-devel-linux-x86_64-fedora-clang, r-devel-linux-x86_64-fedora-gcc, r-release-macos-arm64, r-release-macos-x86_64, r-oldrel-macos-arm64, r-oldrel-macos-x86_64