CRAN Package Check Results for Package purrr

Last updated on 2020-10-27 15:49:44 CET.

Flavor Version Tinstall Tcheck Ttotal Status Flags
r-devel-linux-x86_64-debian-clang 0.3.4 7.55 50.25 57.80 OK
r-devel-linux-x86_64-debian-gcc 0.3.4 5.18 38.59 43.77 OK
r-devel-linux-x86_64-fedora-clang 0.3.4 76.47 NOTE
r-devel-linux-x86_64-fedora-gcc 0.3.4 66.18 OK
r-devel-windows-ix86+x86_64 0.3.4 20.00 86.00 106.00 OK
r-patched-linux-x86_64 0.3.4 OK
r-patched-solaris-x86 0.3.4 91.20 OK
r-release-linux-x86_64 0.3.4 5.91 47.09 53.00 OK
r-release-macos-x86_64 0.3.4 OK
r-release-windows-ix86+x86_64 0.3.4 18.00 78.00 96.00 OK
r-oldrel-macos-x86_64 0.3.4 OK
r-oldrel-windows-ix86+x86_64 0.3.4 30.00 88.00 118.00 OK

Check Details

Version: 0.3.4
Check: Rd cross-references
Result: NOTE
    Undeclared packages ‘vctrs’, ‘httr’ in Rd xrefs
Flavor: r-devel-linux-x86_64-fedora-clang