CRAN Package Check Results for Package purrr

Last updated on 2020-08-04 03:48:00 CEST.

Flavor Version Tinstall Tcheck Ttotal Status Flags
r-devel-linux-x86_64-debian-clang 0.3.4 6.98 47.81 54.79 OK
r-devel-linux-x86_64-debian-gcc 0.3.4 5.83 36.66 42.49 OK
r-devel-linux-x86_64-fedora-clang 0.3.4 73.17 NOTE
r-devel-linux-x86_64-fedora-gcc 0.3.4 63.70 OK
r-devel-windows-ix86+x86_64 0.3.4 24.00 81.00 105.00 OK
r-patched-linux-x86_64 0.3.4 6.71 48.72 55.43 OK
r-patched-solaris-x86 0.3.4 90.40 OK
r-release-linux-x86_64 0.3.4 6.17 46.94 53.11 OK
r-release-macos-x86_64 0.3.4 OK
r-release-windows-ix86+x86_64 0.3.4 26.00 101.00 127.00 OK
r-oldrel-macos-x86_64 0.3.4 OK
r-oldrel-windows-ix86+x86_64 0.3.4 23.00 73.00 96.00 OK

Check Details

Version: 0.3.4
Check: Rd cross-references
Result: NOTE
    Undeclared packages ‘vctrs’, ‘httr’ in Rd xrefs
Flavor: r-devel-linux-x86_64-fedora-clang