CRAN Package Check Results for Package purge

Last updated on 2020-09-22 03:49:35 CEST.

Flavor Version Tinstall Tcheck Ttotal Status Flags
r-devel-linux-x86_64-debian-clang 0.2.1 2.09 31.28 33.37 OK
r-devel-linux-x86_64-debian-gcc 0.2.1 0.22 1.87 2.09 ERROR
r-devel-linux-x86_64-fedora-clang 0.2.1 53.34 OK
r-devel-linux-x86_64-fedora-gcc 0.2.1 40.80 OK
r-devel-windows-ix86+x86_64 0.2.1 4.00 41.00 45.00 OK
r-patched-linux-x86_64 0.2.1 1.98 30.91 32.89 OK
r-patched-solaris-x86 0.2.1 63.30 OK
r-release-linux-x86_64 0.2.1 1.89 31.15 33.04 OK
r-release-macos-x86_64 0.2.1 OK
r-release-windows-ix86+x86_64 0.2.1 4.00 38.00 42.00 OK
r-oldrel-macos-x86_64 0.2.1 OK
r-oldrel-windows-ix86+x86_64 0.2.1 3.00 53.00 56.00 OK

Check Details

Version: 0.2.1
Check: whether package can be installed
Result: ERROR
    Installation failed.
Flavor: r-devel-linux-x86_64-debian-gcc