CRAN Package Check Results for Package purge

Last updated on 2022-07-06 03:52:23 CEST.

Flavor Version Tinstall Tcheck Ttotal Status Flags
r-devel-linux-x86_64-debian-clang 0.2.1 2.20 34.31 36.51 NOTE
r-devel-linux-x86_64-debian-gcc 0.2.1 1.74 26.03 27.77 NOTE
r-devel-linux-x86_64-fedora-clang 0.2.1 54.63 NOTE
r-devel-linux-x86_64-fedora-gcc 0.2.1 53.50 NOTE
r-devel-windows-x86_64 0.2.1 12.00 55.00 67.00 NOTE
r-patched-linux-x86_64 0.2.1 1.84 33.59 35.43 NOTE
r-release-linux-x86_64 0.2.1 1.47 34.10 35.57 NOTE
r-release-macos-arm64 0.2.1 20.00 NOTE
r-release-macos-x86_64 0.2.1 24.00 NOTE
r-release-windows-x86_64 0.2.1 7.00 60.00 67.00 NOTE
r-oldrel-macos-arm64 0.2.1 20.00 NOTE
r-oldrel-macos-x86_64 0.2.1 33.00 NOTE
r-oldrel-windows-ix86+x86_64 0.2.1 4.00 53.00 57.00 NOTE

Check Details

Version: 0.2.1
Check: LazyData
Result: NOTE
     'LazyData' is specified without a 'data' directory
Flavors: r-devel-linux-x86_64-debian-clang, r-devel-linux-x86_64-debian-gcc, r-devel-linux-x86_64-fedora-clang, r-devel-linux-x86_64-fedora-gcc, r-devel-windows-x86_64, r-patched-linux-x86_64, r-release-linux-x86_64, r-release-macos-arm64, r-release-macos-x86_64, r-release-windows-x86_64, r-oldrel-macos-arm64, r-oldrel-macos-x86_64, r-oldrel-windows-ix86+x86_64