CRAN Package Check Results for Package publipha

Last updated on 2022-09-25 15:56:50 CEST.

Flavor Version Tinstall Tcheck Ttotal Status Flags
r-devel-linux-x86_64-debian-clang 0.1.1 308.07 122.25 430.32 NOTE
r-devel-linux-x86_64-debian-gcc 0.1.1 310.13 102.55 412.68 NOTE
r-devel-linux-x86_64-fedora-clang 0.1.1 530.99 NOTE
r-devel-linux-x86_64-fedora-gcc 0.1.1 650.63 NOTE
r-devel-windows-x86_64 0.1.1 230.00 182.00 412.00 NOTE
r-patched-linux-x86_64 0.1.1 236.98 132.17 369.15 NOTE
r-release-linux-x86_64 0.1.1 258.87 133.40 392.27 NOTE
r-release-macos-arm64 0.1.1 148.00 NOTE
r-release-macos-x86_64 0.1.1 240.00 NOTE
r-release-windows-x86_64 0.1.1 260.00 194.00 454.00 NOTE
r-oldrel-macos-arm64 0.1.1 173.00 NOTE
r-oldrel-macos-x86_64 0.1.1 240.00 NOTE
r-oldrel-windows-ix86+x86_64 0.1.1 734.00 227.00 961.00 NOTE

Check Details

Version: 0.1.1
Check: for GNU extensions in Makefiles
Result: NOTE
    GNU make is a SystemRequirements.
Flavors: r-devel-linux-x86_64-debian-clang, r-devel-linux-x86_64-debian-gcc, r-devel-linux-x86_64-fedora-clang, r-devel-linux-x86_64-fedora-gcc, r-devel-windows-x86_64, r-patched-linux-x86_64, r-release-linux-x86_64, r-release-macos-arm64, r-release-macos-x86_64, r-release-windows-x86_64, r-oldrel-macos-arm64, r-oldrel-macos-x86_64, r-oldrel-windows-ix86+x86_64

Version: 0.1.1
Check: data for non-ASCII characters
Result: NOTE
     Note: found 35 marked UTF-8 strings
Flavors: r-devel-linux-x86_64-fedora-clang, r-devel-linux-x86_64-fedora-gcc, r-release-macos-arm64, r-release-macos-x86_64, r-oldrel-macos-arm64, r-oldrel-macos-x86_64

Version: 0.1.1
Check: installed package size
Result: NOTE
     installed size is 48.7Mb
     sub-directories of 1Mb or more:
     libs 48.3Mb
Flavors: r-release-macos-arm64, r-release-macos-x86_64, r-oldrel-macos-arm64, r-oldrel-macos-x86_64, r-oldrel-windows-ix86+x86_64