CRAN Package Check Results for Package psychotree

Last updated on 2021-09-19 03:51:23 CEST.

Flavor Version Tinstall Tcheck Ttotal Status Flags
r-devel-linux-x86_64-debian-clang 0.15-4 9.91 439.83 449.74 OK
r-devel-linux-x86_64-debian-gcc 0.15-4 7.17 309.83 317.00 OK
r-devel-linux-x86_64-fedora-clang 0.15-4 521.34 OK
r-devel-linux-x86_64-fedora-gcc 0.15-4 509.63 OK
r-devel-windows-x86_64 0.15-4 9.00 511.00 520.00 OK
r-devel-windows-x86_64-gcc10-UCRT 0.15-4 ERROR
r-patched-linux-x86_64 0.15-4 10.72 420.80 431.52 OK
r-patched-solaris-x86 0.15-4 788.40 OK
r-release-linux-x86_64 0.15-4 9.05 416.99 426.04 OK
r-release-macos-arm64 0.15-4 OK
r-release-macos-x86_64 0.15-4 OK
r-release-windows-ix86+x86_64 0.15-4 21.00 350.00 371.00 OK
r-oldrel-macos-x86_64 0.15-4 OK
r-oldrel-windows-ix86+x86_64 0.15-4 17.00 349.00 366.00 OK

Check Details

Version: 0.15-4
Check: whether package can be installed
Result: WARN
    Found the following significant warnings:
     WARNING: installation-time patches will not be applied, could not get the patches index
Flavor: r-devel-windows-x86_64-gcc10-UCRT

Version: 0.15-4
Check: PDF version of manual
Result: WARN
    LaTeX errors when creating PDF version.
    This typically indicates Rd problems.
Flavor: r-devel-windows-x86_64-gcc10-UCRT

Version: 0.15-4
Check: PDF version of manual without hyperrefs or index
Result: ERROR
    Re-running with no redirection of stdout/stderr.
Flavor: r-devel-windows-x86_64-gcc10-UCRT