CRAN Package Check Results for Package psycModel

Last updated on 2022-06-27 15:53:51 CEST.

Flavor Version Tinstall Tcheck Ttotal Status Flags
r-devel-linux-x86_64-debian-clang 0.3.2 8.46 244.88 253.34 OK
r-devel-linux-x86_64-debian-gcc 0.3.2 6.92 176.12 183.04 OK
r-devel-linux-x86_64-fedora-clang 0.3.2 298.28 NOTE
r-devel-linux-x86_64-fedora-gcc 0.3.2 292.87 NOTE
r-devel-windows-x86_64 0.3.2 65.00 279.00 344.00 OK
r-patched-linux-x86_64 0.3.2 8.14 227.75 235.89 OK
r-release-linux-x86_64 0.3.2 7.48 225.49 232.97 OK
r-release-macos-arm64 0.3.2 88.00 NOTE
r-release-macos-x86_64 0.3.2 131.00 NOTE
r-release-windows-x86_64 0.3.2 63.00 275.00 338.00 OK
r-oldrel-macos-arm64 0.3.2 124.00 NOTE
r-oldrel-macos-x86_64 0.3.2 110.00 NOTE
r-oldrel-windows-ix86+x86_64 0.3.2 19.00 279.00 298.00 OK

Check Details

Version: 0.3.2
Check: dependencies in R code
Result: NOTE
    Namespaces in Imports field not imported from:
     ‘lifecycle’ ‘patchwork’
     All declared Imports should be used.
Flavors: r-devel-linux-x86_64-fedora-clang, r-devel-linux-x86_64-fedora-gcc, r-release-macos-arm64, r-release-macos-x86_64, r-oldrel-macos-arm64, r-oldrel-macos-x86_64