Last updated on 2023-06-03 15:55:33 CEST.
Flavor | Version | Tinstall | Tcheck | Ttotal | Status | Flags |
---|---|---|---|---|---|---|
r-devel-linux-x86_64-debian-clang | 1.0.3 | 12.59 | 120.96 | 133.55 | NOTE | |
r-devel-linux-x86_64-debian-gcc | 1.0.3 | 9.86 | 90.99 | 100.85 | NOTE | |
r-devel-linux-x86_64-fedora-clang | 1.0.3 | 166.40 | NOTE | |||
r-devel-linux-x86_64-fedora-gcc | 1.0.3 | 156.33 | NOTE | |||
r-devel-windows-x86_64 | 1.0.3 | 11.00 | 98.00 | 109.00 | NOTE | |
r-patched-linux-x86_64 | 1.0.3 | NOTE | ||||
r-release-linux-x86_64 | 1.0.3 | 8.57 | 113.29 | 121.86 | NOTE | |
r-release-macos-arm64 | 1.0.3 | 47.00 | NOTE | |||
r-release-macos-x86_64 | 1.0.3 | 81.00 | NOTE | |||
r-release-windows-x86_64 | 1.0.3 | 14.00 | 121.00 | 135.00 | NOTE | |
r-oldrel-macos-arm64 | 1.0.3 | 56.00 | NOTE | |||
r-oldrel-macos-x86_64 | 1.0.3 | 74.00 | NOTE | |||
r-oldrel-windows-x86_64 | 1.0.3 | 14.00 | 122.00 | 136.00 | NOTE |
Version: 1.0.3
Check: LazyData
Result: NOTE
'LazyData' is specified without a 'data' directory
Flavors: r-devel-linux-x86_64-debian-clang, r-devel-linux-x86_64-debian-gcc, r-devel-linux-x86_64-fedora-clang, r-devel-linux-x86_64-fedora-gcc, r-devel-windows-x86_64, r-patched-linux-x86_64, r-release-linux-x86_64, r-release-macos-arm64, r-release-macos-x86_64, r-release-windows-x86_64, r-oldrel-macos-arm64, r-oldrel-macos-x86_64, r-oldrel-windows-x86_64