CRAN Package Check Results for Package pssmooth

Last updated on 2022-06-24 15:52:43 CEST.

Flavor Version Tinstall Tcheck Ttotal Status Flags
r-devel-linux-x86_64-debian-clang 1.0.3 12.35 113.74 126.09 NOTE
r-devel-linux-x86_64-debian-gcc 1.0.3 9.21 85.85 95.06 NOTE
r-devel-linux-x86_64-fedora-clang 1.0.3 159.96 NOTE
r-devel-linux-x86_64-fedora-gcc 1.0.3 164.83 NOTE
r-devel-windows-x86_64 1.0.3 18.00 134.00 152.00 NOTE
r-patched-linux-x86_64 1.0.3 12.52 110.50 123.02 NOTE
r-release-linux-x86_64 1.0.3 9.61 108.71 118.32 NOTE
r-release-macos-arm64 1.0.3 56.00 NOTE
r-release-macos-x86_64 1.0.3 74.00 NOTE
r-release-windows-x86_64 1.0.3 26.00 132.00 158.00 NOTE
r-oldrel-macos-arm64 1.0.3 53.00 NOTE
r-oldrel-macos-x86_64 1.0.3 88.00 NOTE
r-oldrel-windows-ix86+x86_64 1.0.3 25.00 137.00 162.00 NOTE

Check Details

Version: 1.0.3
Check: LazyData
Result: NOTE
     'LazyData' is specified without a 'data' directory
Flavors: r-devel-linux-x86_64-debian-clang, r-devel-linux-x86_64-debian-gcc, r-devel-linux-x86_64-fedora-clang, r-devel-linux-x86_64-fedora-gcc, r-devel-windows-x86_64, r-patched-linux-x86_64, r-release-linux-x86_64, r-release-macos-arm64, r-release-macos-x86_64, r-release-windows-x86_64, r-oldrel-macos-arm64, r-oldrel-macos-x86_64, r-oldrel-windows-ix86+x86_64