CRAN Package Check Results for Package psrwe

Last updated on 2022-06-28 15:53:24 CEST.

Flavor Version Tinstall Tcheck Ttotal Status Flags
r-devel-linux-x86_64-debian-clang 3.1 343.13 201.37 544.50 NOTE
r-devel-linux-x86_64-debian-gcc 3.1 320.51 160.02 480.53 NOTE
r-devel-linux-x86_64-fedora-clang 3.1 774.87 NOTE
r-devel-linux-x86_64-fedora-gcc 3.1 828.43 NOTE
r-devel-windows-x86_64 3.1 255.00 262.00 517.00 NOTE
r-patched-linux-x86_64 3.1 305.61 205.38 510.99 NOTE
r-release-linux-x86_64 3.1 305.21 205.27 510.48 NOTE
r-release-macos-arm64 3.1 193.00 NOTE
r-release-macos-x86_64 3.1 329.00 NOTE
r-release-windows-x86_64 3.1 253.00 260.00 513.00 NOTE
r-oldrel-macos-arm64 3.1 202.00 NOTE
r-oldrel-macos-x86_64 3.1 243.00 NOTE
r-oldrel-windows-ix86+x86_64 3.1 421.00 241.00 662.00 NOTE

Check Details

Version: 3.1
Check: for GNU extensions in Makefiles
Result: NOTE
    GNU make is a SystemRequirements.
Flavors: r-devel-linux-x86_64-debian-clang, r-devel-linux-x86_64-debian-gcc, r-devel-linux-x86_64-fedora-clang, r-devel-linux-x86_64-fedora-gcc, r-devel-windows-x86_64, r-patched-linux-x86_64, r-release-linux-x86_64, r-release-macos-arm64, r-release-macos-x86_64, r-release-windows-x86_64, r-oldrel-macos-arm64, r-oldrel-macos-x86_64, r-oldrel-windows-ix86+x86_64

Version: 3.1
Check: installed package size
Result: NOTE
     installed size is 37.7Mb
     sub-directories of 1Mb or more:
     libs 37.0Mb
Flavors: r-devel-linux-x86_64-fedora-clang, r-release-macos-arm64, r-release-macos-x86_64, r-oldrel-macos-arm64, r-oldrel-macos-x86_64