Last updated on 2022-06-29 15:50:01 CEST.
Flavor | Version | Tinstall | Tcheck | Ttotal | Status | Flags |
---|---|---|---|---|---|---|
r-devel-linux-x86_64-debian-clang | 0.1.1 | 21.24 | 194.84 | 216.08 | OK | |
r-devel-linux-x86_64-debian-gcc | 0.1.1 | 16.56 | 140.63 | 157.19 | OK | |
r-devel-linux-x86_64-fedora-clang | 0.1.1 | 268.53 | NOTE | |||
r-devel-linux-x86_64-fedora-gcc | 0.1.1 | 265.74 | NOTE | |||
r-devel-windows-x86_64 | 0.1.1 | 106.00 | 204.00 | 310.00 | OK | |
r-patched-linux-x86_64 | 0.1.1 | 27.95 | 183.76 | 211.71 | OK | |
r-release-linux-x86_64 | 0.1.1 | 23.11 | 179.42 | 202.53 | OK | |
r-release-macos-arm64 | 0.1.1 | 117.00 | NOTE | |||
r-release-macos-x86_64 | 0.1.1 | 220.00 | NOTE | |||
r-release-windows-x86_64 | 0.1.1 | 96.00 | 200.00 | 296.00 | OK | |
r-oldrel-macos-arm64 | 0.1.1 | 114.00 | NOTE | |||
r-oldrel-macos-x86_64 | 0.1.1 | 160.00 | NOTE | |||
r-oldrel-windows-ix86+x86_64 | 0.1.1 | 32.00 | 203.00 | 235.00 | OK |
Version: 0.1.1
Check: data for non-ASCII characters
Result: NOTE
Note: found 140 marked UTF-8 strings
Flavors: r-devel-linux-x86_64-fedora-clang, r-devel-linux-x86_64-fedora-gcc, r-release-macos-arm64, r-release-macos-x86_64, r-oldrel-macos-arm64, r-oldrel-macos-x86_64