Last updated on 2022-06-29 03:52:48 CEST.
Flavor | Version | Tinstall | Tcheck | Ttotal | Status | Flags |
---|---|---|---|---|---|---|
r-devel-linux-x86_64-debian-clang | 1.0.0 | 31.50 | 711.77 | 743.27 | OK | |
r-devel-linux-x86_64-debian-gcc | 1.0.0 | 22.06 | 513.97 | 536.03 | OK | |
r-devel-linux-x86_64-fedora-clang | 1.0.0 | 870.58 | WARN | |||
r-devel-linux-x86_64-fedora-gcc | 1.0.0 | 941.69 | WARN | |||
r-devel-windows-x86_64 | 1.0.0 | 71.00 | 748.00 | 819.00 | OK | |
r-patched-linux-x86_64 | 1.0.0 | 29.37 | 680.53 | 709.90 | OK | |
r-release-linux-x86_64 | 1.0.0 | 30.28 | 679.40 | 709.68 | OK | |
r-release-macos-arm64 | 1.0.0 | 224.00 | NOTE | |||
r-release-macos-x86_64 | 1.0.0 | 379.00 | NOTE | |||
r-release-windows-x86_64 | 1.0.0 | 75.00 | 730.00 | 805.00 | OK | |
r-oldrel-macos-arm64 | 1.0.0 | 261.00 | NOTE | |||
r-oldrel-macos-x86_64 | 1.0.0 | 320.00 | NOTE | |||
r-oldrel-windows-ix86+x86_64 | 1.0.0 | 63.00 | 878.00 | 941.00 | OK |
Version: 1.0.0
Check: package dependencies
Result: WARN
Requires (indirectly) orphaned package: ‘gtools’
Flavors: r-devel-linux-x86_64-fedora-clang, r-devel-linux-x86_64-fedora-gcc
Version: 1.0.0
Check: dependencies in R code
Result: NOTE
Namespace in Imports field not imported from: ‘miceadds’
All declared Imports should be used.
Flavors: r-devel-linux-x86_64-fedora-clang, r-devel-linux-x86_64-fedora-gcc, r-release-macos-arm64, r-release-macos-x86_64, r-oldrel-macos-arm64, r-oldrel-macos-x86_64