CRAN Package Check Results for Package psda

Last updated on 2023-01-31 04:06:30 CET.

Flavor Version Tinstall Tcheck Ttotal Status Flags
r-devel-linux-x86_64-debian-clang 1.4.0 3.14 45.37 48.51 OK
r-devel-linux-x86_64-debian-gcc 1.4.0 2.74 33.96 36.70 OK
r-devel-linux-x86_64-fedora-clang 1.4.0 62.32 NOTE
r-devel-linux-x86_64-fedora-gcc 1.4.0 71.73 NOTE
r-devel-windows-x86_64 1.4.0 21.00 78.00 99.00 OK
r-patched-linux-x86_64 1.4.0 3.70 41.73 45.43 OK
r-release-linux-x86_64 1.4.0 3.02 44.67 47.69 OK
r-release-macos-arm64 1.4.0 24.00 NOTE
r-release-macos-x86_64 1.4.0 41.00 NOTE
r-release-windows-x86_64 1.4.0 18.00 83.00 101.00 OK
r-oldrel-macos-arm64 1.4.0 29.00 NOTE
r-oldrel-macos-x86_64 1.4.0 38.00 NOTE
r-oldrel-windows-ix86+x86_64 1.4.0 8.00 70.00 78.00 OK

Check Details

Version: 1.4.0
Check: dependencies in R code
Result: NOTE
    Namespace in Imports field not imported from: ‘raster’
     All declared Imports should be used.
Flavors: r-devel-linux-x86_64-fedora-clang, r-devel-linux-x86_64-fedora-gcc, r-release-macos-arm64, r-release-macos-x86_64, r-oldrel-macos-arm64, r-oldrel-macos-x86_64