CRAN Package Check Results for Package provParseR

Last updated on 2024-06-18 15:49:30 CEST.

Flavor Version Tinstall Tcheck Ttotal Status Flags
r-devel-linux-x86_64-debian-clang 1.0 3.09 30.44 33.53 NOTE
r-devel-linux-x86_64-debian-gcc 1.0 2.56 22.92 25.48 NOTE
r-devel-linux-x86_64-fedora-clang 1.0 42.24 NOTE
r-devel-linux-x86_64-fedora-gcc 1.0 40.08 NOTE
r-devel-windows-x86_64 1.0 5.00 44.00 49.00 NOTE
r-patched-linux-x86_64 1.0 4.00 28.48 32.48 NOTE
r-release-linux-x86_64 1.0 3.11 29.29 32.40 NOTE
r-release-macos-arm64 1.0 18.00 NOTE
r-release-macos-x86_64 1.0 24.00 NOTE
r-release-windows-x86_64 1.0 3.00 45.00 48.00 NOTE
r-oldrel-macos-arm64 1.0 17.00 OK
r-oldrel-macos-x86_64 1.0 24.00 OK
r-oldrel-windows-x86_64 1.0 4.00 46.00 50.00 OK

Check Details

Version: 1.0
Check: Rd files
Result: NOTE checkRd: (-1) access.Rd:97: Lost braces in \itemize; \value handles \item{}{} directly checkRd: (-1) access.Rd:102: Lost braces in \itemize; \value handles \item{}{} directly checkRd: (-1) access.Rd:103: Lost braces in \itemize; \value handles \item{}{} directly checkRd: (-1) access.Rd:105: Lost braces in \itemize; \value handles \item{}{} directly checkRd: (-1) access.Rd:106: Lost braces in \itemize; \value handles \item{}{} directly checkRd: (-1) access.Rd:138: Lost braces in \itemize; \value handles \item{}{} directly checkRd: (-1) access.Rd:139-140: Lost braces in \itemize; \value handles \item{}{} directly checkRd: (-1) access.Rd:141: Lost braces in \itemize; \value handles \item{}{} directly checkRd: (-1) access.Rd:142: Lost braces in \itemize; \value handles \item{}{} directly checkRd: (-1) access.Rd:143-144: Lost braces in \itemize; \value handles \item{}{} directly checkRd: (-1) access.Rd:145-146: Lost braces in \itemize; \value handles \item{}{} directly checkRd: (-1) access.Rd:155: Lost braces in \itemize; \value handles \item{}{} directly checkRd: (-1) access.Rd:156: Lost braces in \itemize; \value handles \item{}{} directly checkRd: (-1) access.Rd:157: Lost braces in \itemize; \value handles \item{}{} directly checkRd: (-1) access.Rd:158-159: Lost braces in \itemize; \value handles \item{}{} directly checkRd: (-1) access.Rd:160-161: Lost braces in \itemize; \value handles \item{}{} directly checkRd: (-1) access.Rd:162: Lost braces in \itemize; \value handles \item{}{} directly checkRd: (-1) access.Rd:163: Lost braces in \itemize; \value handles \item{}{} directly checkRd: (-1) access.Rd:164: Lost braces in \itemize; \value handles \item{}{} directly checkRd: (-1) access.Rd:165: Lost braces in \itemize; \value handles \item{}{} directly checkRd: (-1) access.Rd:166: Lost braces in \itemize; \value handles \item{}{} directly checkRd: (-1) access.Rd:172: Lost braces in \itemize; \value handles \item{}{} directly checkRd: (-1) access.Rd:173: Lost braces in \itemize; \value handles \item{}{} directly checkRd: (-1) access.Rd:174: Lost braces in \itemize; \value handles \item{}{} directly checkRd: (-1) access.Rd:180: Lost braces in \itemize; \value handles \item{}{} directly checkRd: (-1) access.Rd:181: Lost braces in \itemize; \value handles \item{}{} directly checkRd: (-1) access.Rd:182: Lost braces in \itemize; \value handles \item{}{} directly checkRd: (-1) access.Rd:243: Lost braces in \itemize; \value handles \item{}{} directly checkRd: (-1) access.Rd:244-245: Lost braces in \itemize; \value handles \item{}{} directly checkRd: (-1) access.Rd:246-247: Lost braces in \itemize; \value handles \item{}{} directly checkRd: (-1) access.Rd:248-249: Lost braces in \itemize; \value handles \item{}{} directly Flavors: r-devel-linux-x86_64-debian-clang, r-devel-linux-x86_64-debian-gcc, r-devel-linux-x86_64-fedora-clang, r-devel-linux-x86_64-fedora-gcc, r-devel-windows-x86_64, r-patched-linux-x86_64, r-release-linux-x86_64, r-release-macos-arm64, r-release-macos-x86_64, r-release-windows-x86_64