CRAN Package Check Results for Package protr

Last updated on 2020-09-23 16:38:49 CEST.

Flavor Version Tinstall Tcheck Ttotal Status Flags
r-devel-linux-x86_64-debian-clang 1.6-2 21.71 108.71 130.42 OK
r-devel-linux-x86_64-debian-gcc 1.6-2 17.60 85.40 103.00 OK
r-devel-linux-x86_64-fedora-clang 1.6-2 170.76 OK
r-devel-windows-ix86+x86_64 1.6-2 28.00 90.00 118.00 OK
r-patched-linux-x86_64 1.6-2 19.27 107.25 126.52 OK
r-patched-solaris-x86 1.6-2 169.70 OK
r-release-linux-x86_64 1.6-2 19.95 107.59 127.54 OK
r-release-macos-x86_64 1.6-2 OK
r-release-windows-ix86+x86_64 1.6-2 28.00 129.00 157.00 OK
r-oldrel-macos-x86_64 1.6-2 NOTE
r-oldrel-windows-ix86+x86_64 1.6-2 23.00 123.00 146.00 OK

Check Details

Version: 1.6-2
Check: package dependencies
Result: NOTE
    Packages suggested but not available for checking:
     'Biostrings', 'GOSemSim', 'org.Hs.eg.db'
Flavor: r-oldrel-macos-x86_64