Last updated on 2023-12-01 15:53:45 CET.
Flavor | Version | Tinstall | Tcheck | Ttotal | Status | Flags |
---|---|---|---|---|---|---|
r-devel-linux-x86_64-debian-clang | 1.0.0 | 5.72 | 65.27 | 70.99 | OK | |
r-devel-linux-x86_64-debian-gcc | 1.0.0 | 4.91 | 48.74 | 53.65 | OK | |
r-devel-linux-x86_64-fedora-clang | 1.0.0 | 85.55 | NOTE | |||
r-devel-linux-x86_64-fedora-gcc | 1.0.0 | 82.44 | NOTE | |||
r-devel-windows-x86_64 | 1.0.0 | 6.00 | 66.00 | 72.00 | OK | |
r-patched-linux-x86_64 | 1.0.0 | 5.39 | 61.19 | 66.58 | OK | |
r-release-linux-x86_64 | 1.0.0 | 5.35 | 61.08 | 66.43 | OK | |
r-release-macos-arm64 | 1.0.0 | 30.00 | OK | |||
r-release-macos-x86_64 | 1.0.0 | 46.00 | OK | |||
r-release-windows-x86_64 | 1.0.0 | 9.00 | 75.00 | 84.00 | OK | |
r-oldrel-macos-arm64 | 1.0.0 | 28.00 | NOTE | |||
r-oldrel-macos-x86_64 | 1.0.0 | 54.00 | NOTE | |||
r-oldrel-windows-x86_64 | 1.0.0 | 8.00 | 80.00 | 88.00 | OK |
Version: 1.0.0
Check: dependencies in R code
Result: NOTE
Namespaces in Imports field not imported from:
‘RColorBrewer’ ‘grDevices’
All declared Imports should be used.
Flavors: r-devel-linux-x86_64-fedora-clang, r-devel-linux-x86_64-fedora-gcc, r-oldrel-macos-arm64, r-oldrel-macos-x86_64