CRAN Package Check Results for Package protag

Last updated on 2024-06-20 03:51:43 CEST.

Flavor Version Tinstall Tcheck Ttotal Status Flags
r-devel-linux-x86_64-debian-clang 1.0.0 6.08 64.88 70.96 OK
r-devel-linux-x86_64-debian-gcc 1.0.0 4.72 48.24 52.96 OK
r-devel-linux-x86_64-fedora-clang 1.0.0 87.78 NOTE
r-devel-linux-x86_64-fedora-gcc 1.0.0 82.97 NOTE
r-devel-windows-x86_64 1.0.0 6.00 64.00 70.00 OK
r-patched-linux-x86_64 1.0.0 6.12 62.72 68.84 OK
r-release-linux-x86_64 1.0.0 5.14 62.95 68.09 OK
r-release-macos-arm64 1.0.0 27.00 OK
r-release-macos-x86_64 1.0.0 40.00 OK
r-release-windows-x86_64 1.0.0 6.00 67.00 73.00 OK
r-oldrel-macos-arm64 1.0.0 30.00 OK
r-oldrel-macos-x86_64 1.0.0 46.00 OK
r-oldrel-windows-x86_64 1.0.0 8.00 75.00 83.00 OK

Check Details

Version: 1.0.0
Check: dependencies in R code
Result: NOTE Namespaces in Imports field not imported from: ‘RColorBrewer’ ‘grDevices’ All declared Imports should be used. Flavors: r-devel-linux-x86_64-fedora-clang, r-devel-linux-x86_64-fedora-gcc