Last updated on 2022-06-26 03:50:09 CEST.
Flavor | Version | Tinstall | Tcheck | Ttotal | Status | Flags |
---|---|---|---|---|---|---|
r-devel-linux-x86_64-debian-clang | 1.0 | 132.01 | 473.52 | 605.53 | NOTE | |
r-devel-linux-x86_64-debian-gcc | 1.0 | 114.36 | 340.02 | 454.38 | NOTE | |
r-devel-linux-x86_64-fedora-clang | 1.0 | 700.43 | NOTE | |||
r-devel-linux-x86_64-fedora-gcc | 1.0 | 762.11 | NOTE | |||
r-devel-windows-x86_64 | 1.0 | 122.00 | 398.00 | 520.00 | NOTE | |
r-patched-linux-x86_64 | 1.0 | 132.06 | 451.53 | 583.59 | NOTE | |
r-release-linux-x86_64 | 1.0 | 103.17 | 403.96 | 507.13 | NOTE | |
r-release-macos-arm64 | 1.0 | 177.00 | NOTE | |||
r-release-macos-x86_64 | 1.0 | 348.00 | NOTE | |||
r-release-windows-x86_64 | 1.0 | 128.00 | 404.00 | 532.00 | NOTE | |
r-oldrel-macos-arm64 | 1.0 | 255.00 | NOTE | |||
r-oldrel-macos-x86_64 | 1.0 | 355.00 | NOTE | |||
r-oldrel-windows-ix86+x86_64 | 1.0 | 296.00 | 458.00 | 754.00 | NOTE |
Version: 1.0
Check: for GNU extensions in Makefiles
Result: NOTE
GNU make is a SystemRequirements.
Flavors: r-devel-linux-x86_64-debian-clang, r-devel-linux-x86_64-debian-gcc, r-devel-linux-x86_64-fedora-clang, r-devel-linux-x86_64-fedora-gcc, r-devel-windows-x86_64, r-patched-linux-x86_64, r-release-linux-x86_64, r-release-macos-arm64, r-release-macos-x86_64, r-release-windows-x86_64, r-oldrel-macos-arm64, r-oldrel-macos-x86_64, r-oldrel-windows-ix86+x86_64
Version: 1.0
Check: installed package size
Result: NOTE
installed size is 23.6Mb
sub-directories of 1Mb or more:
libs 22.9Mb
Flavors: r-devel-linux-x86_64-fedora-clang, r-release-macos-arm64, r-release-macos-x86_64, r-oldrel-macos-arm64, r-oldrel-macos-x86_64
Version: 1.0
Check: dependencies in R code
Result: NOTE
Namespaces in Imports field not imported from:
‘StanHeaders’ ‘methods’ ‘rstantools’
All declared Imports should be used.
Flavors: r-devel-linux-x86_64-fedora-clang, r-devel-linux-x86_64-fedora-gcc, r-release-macos-arm64, r-release-macos-x86_64, r-oldrel-macos-arm64, r-oldrel-macos-x86_64