CRAN Package Check Results for Package propagate

Last updated on 2021-09-19 03:51:22 CEST.

Flavor Version Tinstall Tcheck Ttotal Status Flags
r-devel-linux-x86_64-debian-clang 1.0-6 28.78 90.30 119.08 OK
r-devel-linux-x86_64-debian-gcc 1.0-6 20.03 71.32 91.35 OK
r-devel-linux-x86_64-fedora-clang 1.0-6 156.38 OK
r-devel-linux-x86_64-fedora-gcc 1.0-6 141.98 OK
r-devel-windows-x86_64 1.0-6 34.00 128.00 162.00 WARN
r-devel-windows-x86_64-gcc10-UCRT 1.0-6 ERROR
r-patched-linux-x86_64 1.0-6 25.28 89.25 114.53 OK
r-patched-solaris-x86 1.0-6 194.40 OK
r-release-linux-x86_64 1.0-6 22.67 88.83 111.50 OK
r-release-macos-arm64 1.0-6 OK
r-release-macos-x86_64 1.0-6 OK
r-release-windows-ix86+x86_64 1.0-6 69.00 129.00 198.00 OK
r-oldrel-macos-x86_64 1.0-6 OK
r-oldrel-windows-ix86+x86_64 1.0-6 65.00 133.00 198.00 OK

Check Details

Version: 1.0-6
Check: whether package can be installed
Result: WARN
    Found the following significant warnings:
     Warning: 'memory.limit()' is no longer supported
Flavor: r-devel-windows-x86_64

Version: 1.0-6
Check: whether package can be installed
Result: ERROR
    Installation failed.
Flavor: r-devel-windows-x86_64-gcc10-UCRT