Last updated on 2023-09-28 15:58:30 CEST.
Flavor | Version | Tinstall | Tcheck | Ttotal | Status | Flags |
---|---|---|---|---|---|---|
r-devel-linux-x86_64-debian-clang | 1.9.1.0 | 1069.54 | 264.66 | 1334.20 | NOTE | |
r-devel-linux-x86_64-debian-gcc | 1.9.1.0 | 965.96 | 251.40 | 1217.36 | NOTE | |
r-devel-linux-x86_64-fedora-clang | 1.9.1.0 | 1776.63 | NOTE | |||
r-devel-linux-x86_64-fedora-gcc | 1.9.1.0 | 2081.98 | NOTE | |||
r-devel-windows-x86_64 | 1.9.1.0 | 847.00 | 272.00 | 1119.00 | NOTE | |
r-patched-linux-x86_64 | 1.9.1.0 | 893.73 | 331.67 | 1225.40 | NOTE | |
r-release-linux-x86_64 | 1.9.1.0 | 903.42 | 328.07 | 1231.49 | NOTE | |
r-release-macos-arm64 | 1.9.1.0 | 663.00 | NOTE | |||
r-release-macos-x86_64 | 1.9.1.0 | 672.00 | NOTE | |||
r-release-windows-x86_64 | 1.9.1.0 | 1116.00 | 358.00 | 1474.00 | NOTE | |
r-oldrel-macos-arm64 | 1.9.1.0 | 449.00 | NOTE | |||
r-oldrel-macos-x86_64 | 1.9.1.0 | 630.00 | NOTE | |||
r-oldrel-windows-x86_64 | 1.9.1.0 | 1049.00 | 325.00 | 1374.00 | NOTE |
Version: 1.9.1.0
Check: for GNU extensions in Makefiles
Result: NOTE
GNU make is a SystemRequirements.
Flavors: r-devel-linux-x86_64-debian-clang, r-devel-linux-x86_64-debian-gcc, r-devel-linux-x86_64-fedora-clang, r-devel-linux-x86_64-fedora-gcc, r-devel-windows-x86_64, r-patched-linux-x86_64, r-release-linux-x86_64, r-release-macos-arm64, r-release-macos-x86_64, r-release-windows-x86_64, r-oldrel-macos-arm64, r-oldrel-macos-x86_64, r-oldrel-windows-x86_64
Version: 1.9.1.0
Check: installed package size
Result: NOTE
installed size is 10.3Mb
sub-directories of 1Mb or more:
libs 9.9Mb
Flavors: r-devel-linux-x86_64-fedora-clang, r-devel-windows-x86_64, r-release-macos-arm64, r-release-macos-x86_64, r-release-windows-x86_64, r-oldrel-macos-arm64, r-oldrel-macos-x86_64, r-oldrel-windows-x86_64
Version: 1.9.1.0
Check: dependencies in R code
Result: NOTE
Namespace in Imports field not imported from: ‘RcppParallel’
All declared Imports should be used.
Flavors: r-devel-linux-x86_64-fedora-clang, r-devel-linux-x86_64-fedora-gcc