CRAN Package Check Results for Package prome

Last updated on 2022-09-24 15:55:27 CEST.

Flavor Version Tinstall Tcheck Ttotal Status Flags
r-devel-linux-x86_64-debian-clang 1.5.6.70 794.00 141.36 935.36 NOTE
r-devel-linux-x86_64-debian-gcc 1.5.6.70 761.21 138.69 899.90 NOTE
r-devel-linux-x86_64-fedora-clang 1.5.6.70 1169.10 NOTE
r-devel-linux-x86_64-fedora-gcc 1.5.6.70 1503.40 NOTE
r-devel-windows-x86_64 1.5.6.70 563.00 231.00 794.00 NOTE
r-patched-linux-x86_64 1.5.6.70 692.37 180.90 873.27 NOTE
r-release-linux-x86_64 1.5.6.70 0.03 3.05 3.08 ERROR
r-release-macos-arm64 1.5.6.70 305.00 NOTE
r-release-macos-x86_64 1.5.6.70 459.00 NOTE
r-release-windows-x86_64 1.5.6.70 520.00 227.00 747.00 NOTE
r-oldrel-macos-arm64 1.5.6.70 315.00 NOTE
r-oldrel-macos-x86_64 1.5.6.70 424.00 NOTE
r-oldrel-windows-ix86+x86_64 1.5.6.70 1898.00 288.00 2186.00 NOTE

Check Details

Version: 1.5.6.70
Check: for GNU extensions in Makefiles
Result: NOTE
    GNU make is a SystemRequirements.
Flavors: r-devel-linux-x86_64-debian-clang, r-devel-linux-x86_64-debian-gcc, r-devel-linux-x86_64-fedora-clang, r-devel-linux-x86_64-fedora-gcc, r-devel-windows-x86_64, r-patched-linux-x86_64, r-release-macos-arm64, r-release-macos-x86_64, r-release-windows-x86_64, r-oldrel-macos-arm64, r-oldrel-macos-x86_64, r-oldrel-windows-ix86+x86_64

Version: 1.5.6.70
Check: installed package size
Result: NOTE
     installed size is 8.2Mb
     sub-directories of 1Mb or more:
     libs 7.8Mb
Flavors: r-devel-linux-x86_64-fedora-clang, r-devel-windows-x86_64, r-release-macos-arm64, r-release-macos-x86_64, r-release-windows-x86_64, r-oldrel-macos-arm64, r-oldrel-macos-x86_64, r-oldrel-windows-ix86+x86_64

Version: 1.5.6.70
Check: dependencies in R code
Result: NOTE
    Namespace in Imports field not imported from: ‘RcppParallel’
     All declared Imports should be used.
Flavors: r-devel-linux-x86_64-fedora-clang, r-devel-linux-x86_64-fedora-gcc, r-release-macos-arm64, r-release-macos-x86_64, r-oldrel-macos-arm64, r-oldrel-macos-x86_64

Version: 1.5.6.70
Check: whether package can be installed
Result: ERROR
    Installation failed.
Flavor: r-release-linux-x86_64